Last updated on 2024-03-12 07:49:59 CET.
Flavor | Version | Tinstall | Tcheck | Ttotal | Status | Flags |
---|---|---|---|---|---|---|
r-devel-linux-x86_64-debian-clang | 0.2.0 | 3.38 | 43.66 | 47.04 | OK | |
r-devel-linux-x86_64-debian-gcc | 0.2.0 | 2.58 | 33.47 | 36.05 | OK | |
r-devel-linux-x86_64-fedora-clang | 0.2.0 | 59.41 | NOTE | |||
r-devel-linux-x86_64-fedora-gcc | 0.2.0 | 55.78 | NOTE | |||
r-devel-windows-x86_64 | 0.2.0 | 4.00 | 60.00 | 64.00 | OK | |
r-patched-linux-x86_64 | 0.2.0 | 2.37 | 43.25 | 45.62 | OK | |
r-release-linux-x86_64 | 0.2.0 | 2.14 | 42.79 | 44.93 | OK | |
r-release-macos-arm64 | 0.2.0 | 26.00 | OK | |||
r-release-macos-x86_64 | 0.2.0 | 35.00 | OK | |||
r-release-windows-x86_64 | 0.2.0 | 5.00 | 59.00 | 64.00 | OK | |
r-oldrel-macos-arm64 | 0.2.0 | 24.00 | NOTE | |||
r-oldrel-windows-x86_64 | 0.2.0 | 5.00 | 65.00 | 70.00 | OK |
Version: 0.2.0
Check: dependencies in R code
Result: NOTE
Namespaces in Imports field not imported from:
‘caret’ ‘randomForest’
All declared Imports should be used.
Flavors: r-devel-linux-x86_64-fedora-clang, r-devel-linux-x86_64-fedora-gcc, r-oldrel-macos-arm64