CRAN Package Check Results for Package mlr3pipelines

Last updated on 2021-05-11 08:48:19 CEST.

Flavor Version Tinstall Tcheck Ttotal Status Flags
r-devel-linux-x86_64-debian-clang 0.3.4 35.11 444.69 479.80 NOTE
r-devel-linux-x86_64-debian-gcc 0.3.4 26.15 328.55 354.70 NOTE
r-devel-linux-x86_64-fedora-clang 0.3.4 562.10 NOTE
r-devel-linux-x86_64-fedora-gcc 0.3.4 545.85 NOTE
r-devel-windows-ix86+x86_64 0.3.4 37.00 415.00 452.00 NOTE
r-devel-windows-x86_64-gcc10-UCRT 0.3.4 NOTE
r-patched-linux-x86_64 0.3.4 47.02 426.36 473.38 NOTE
r-patched-solaris-x86 0.3.4 674.00 NOTE
r-release-linux-x86_64 0.3.4 28.33 424.38 452.71 OK
r-release-macos-x86_64 0.3.4 OK
r-release-windows-ix86+x86_64 0.3.4 33.00 313.00 346.00 OK
r-oldrel-macos-x86_64 0.3.4 OK
r-oldrel-windows-ix86+x86_64 0.3.4 46.00 375.00 421.00 OK

Check Details

Version: 0.3.4
Check: LazyData
Result: NOTE
     'LazyData' is specified without a 'data' directory
Flavors: r-devel-linux-x86_64-debian-clang, r-devel-linux-x86_64-debian-gcc, r-devel-linux-x86_64-fedora-clang, r-devel-linux-x86_64-fedora-gcc, r-devel-windows-ix86+x86_64, r-devel-windows-x86_64-gcc10-UCRT, r-patched-linux-x86_64, r-patched-solaris-x86

Version: 0.3.4
Check: Rd cross-references
Result: NOTE
    Undeclared package ‘htmlwidgets’ in Rd xrefs
Flavor: r-devel-linux-x86_64-fedora-clang