CRAN Package Check Results for Package mlt.docreg

Last updated on 2021-07-30 08:50:13 CEST.

Flavor Version Tinstall Tcheck Ttotal Status Flags
r-devel-linux-x86_64-debian-clang 1.1-0 OK
r-devel-linux-x86_64-debian-gcc 1.1-0 10.41 228.37 238.78 OK
r-devel-linux-x86_64-fedora-clang 1.1-0 373.96 OK
r-devel-linux-x86_64-fedora-gcc 1.1-0 354.90 OK
r-devel-windows-x86_64 1.1-0 22.00 195.00 217.00 OK
r-devel-windows-x86_64-gcc10-UCRT 1.1-0 OK
r-patched-linux-x86_64 1.1-0 OK
r-patched-solaris-x86 1.1-0 553.30 OK
r-release-linux-x86_64 1.1-0 10.77 154.20 164.97 OK
r-release-macos-arm64 1.1-0 WARN
r-release-macos-x86_64 1.1-0 OK
r-release-windows-ix86+x86_64 1.1-0 30.00 194.00 224.00 OK
r-oldrel-macos-x86_64 1.1-0 OK
r-oldrel-windows-ix86+x86_64 1.1-0 50.00 194.00 244.00 OK

Check Details

Version: 1.1-0
Check: re-building of vignette outputs
Result: WARN
    Error(s) in re-building vignettes:
    --- re-building ‘mlt.Rnw’ using knitr
    Loading required package: mlt
    Loading required package: basefun
    Loading required package: variables
    Loading required package: survival
    Loading required package: eha
    Loading required package: prodlim
    Loading required package: truncreg
    Loading required package: maxLik
    Loading required package: miscTools
    
    Please cite the 'maxLik' package as:
    Henningsen, Arne and Toomet, Ott (2011). maxLik: A package for maximum likelihood estimation in R. Computational Statistics 26(3), 443-458. DOI 10.1007/s00180-010-0217-1.
    
    If you have questions, suggestions, or comments regarding the 'maxLik' package, please use a forum or 'tracker' at maxLik's R-Forge site:
    https://r-forge.r-project.org/projects/maxlik/
    Loading required package: lattice
    Loading required package: gridExtra
    Loading required package: MASS
    Loading required package: nnet
    Loading required package: HSAUR3
    Loading required package: tools
    Loading required package: sandwich
    Loading required package: flexsurv
    
    Attaching package: 'flexsurv'
    
    The following objects are masked from 'package:eha':
    
     Hgompertz, Hllogis, Hlnorm, Hweibull, dgompertz, dllogis,
     hgompertz, hllogis, hlnorm, hweibull, pgompertz, pllogis,
     qgompertz, qllogis, rgompertz, rllogis
    
    Loading required package: grid
    
    Attaching package: 'grid'
    
    The following object is masked from 'package:variables':
    
     unit
    
    Loading required package: latticeExtra
    Loading required package: colorspace
    Loading required package: multcomp
    Loading required package: mvtnorm
    Loading required package: TH.data
    
    Attaching package: 'TH.data'
    
    The following object is masked from 'package:HSAUR3':
    
     birds
    
    The following object is masked from 'package:MASS':
    
     geyser
    
    trying URL 'https://zenodo.org/record/17179/files/DVC.tgz'
    Content type 'application/octet-stream' length 2292581 bytes (2.2 MB)
    ==================================================
    downloaded 2.2 MB
    
    Warning in grid.Call(C_textBounds, as.graphicsAnnot(x$label), x$x, x$y, :
     no font could be found for family "Arial"
    Quitting from lines 1191-1218 (mlt.Rnw)
    Error: processing vignette 'mlt.Rnw' failed with diagnostics:
    polygon edge not found
    --- failed re-building ‘mlt.Rnw’
    
    SUMMARY: processing the following file failed:
     ‘mlt.Rnw’
    
    Error: Vignette re-building failed.
    Execution halted
Flavor: r-release-macos-arm64