CRAN Package Check Results for Package mltools

Last updated on 2024-05-26 08:56:16 CEST.

Flavor Version Tinstall Tcheck Ttotal Status Flags
r-devel-linux-x86_64-debian-clang 0.3.5 10.39 80.43 90.82 NOTE
r-devel-linux-x86_64-debian-gcc 0.3.5 7.10 60.29 67.39 NOTE
r-devel-linux-x86_64-fedora-clang 0.3.5 119.09 NOTE
r-devel-linux-x86_64-fedora-gcc 0.3.5 105.09 NOTE
r-devel-windows-x86_64 0.3.5 8.00 79.00 87.00 NOTE
r-patched-linux-x86_64 0.3.5 7.32 77.36 84.68 NOTE
r-release-linux-x86_64 0.3.5 9.63 75.58 85.21 NOTE
r-release-macos-arm64 0.3.5 33.00 NOTE
r-release-windows-x86_64 0.3.5 8.00 77.00 85.00 NOTE
r-oldrel-macos-arm64 0.3.5 36.00 OK
r-oldrel-macos-x86_64 0.3.5 61.00 OK
r-oldrel-windows-x86_64 0.3.5 7.00 94.00 101.00 OK

Check Details

Version: 0.3.5
Check: Rd files
Result: NOTE checkRd: (-1) bin_data.Rd:16: Lost braces in \itemize; meant \describe ? checkRd: (-1) bin_data.Rd:17: Lost braces in \itemize; meant \describe ? checkRd: (-1) bin_data.Rd:18: Lost braces in \itemize; meant \describe ? checkRd: (-1) bin_data.Rd:22: Lost braces in \itemize; meant \describe ? checkRd: (-1) bin_data.Rd:23: Lost braces in \itemize; meant \describe ? checkRd: (-1) bin_data.Rd:27: Lost braces in \itemize; meant \describe ? checkRd: (-1) bin_data.Rd:28: Lost braces in \itemize; meant \describe ? checkRd: (-1) bin_data.Rd:29: Lost braces in \itemize; meant \describe ? checkRd: (-1) bin_data.Rd:30: Lost braces in \itemize; meant \describe ? checkRd: (-1) date_factor.Rd:22: Lost braces; missing escapes or markup? 22 | Map a vector of dates to a factor at one of these levels {"yearmonth", "yearquarter", "quarter", "month"} | ^ checkRd: (-1) date_factor.Rd:13: Lost braces; missing escapes or markup? 13 | \item{type}{One of {"year", "yearquarter", "yearmonth", "quarter", "month"}} | ^ checkRd: (-1) mse.Rd:12: Lost braces; missing escapes or markup? 12 | \item{actuals}{A vector of actuals values in {0, 1}, or {FALSE, TRUE}} | ^ checkRd: (-1) mse.Rd:12: Lost braces; missing escapes or markup? 12 | \item{actuals}{A vector of actuals values in {0, 1}, or {FALSE, TRUE}} | ^ checkRd: (-1) msle.Rd:12: Lost braces; missing escapes or markup? 12 | \item{actuals}{A vector of actuals values in {0, 1}, or {FALSE, TRUE}} | ^ checkRd: (-1) msle.Rd:12: Lost braces; missing escapes or markup? 12 | \item{actuals}{A vector of actuals values in {0, 1}, or {FALSE, TRUE}} | ^ checkRd: (-1) rmse.Rd:12: Lost braces; missing escapes or markup? 12 | \item{actuals}{A vector of actuals values in {0, 1}, or {FALSE, TRUE}} | ^ checkRd: (-1) rmse.Rd:12: Lost braces; missing escapes or markup? 12 | \item{actuals}{A vector of actuals values in {0, 1}, or {FALSE, TRUE}} | ^ checkRd: (-1) rmsle.Rd:12: Lost braces; missing escapes or markup? 12 | \item{actuals}{A vector of actuals values in {0, 1}, or {FALSE, TRUE}} | ^ checkRd: (-1) rmsle.Rd:12: Lost braces; missing escapes or markup? 12 | \item{actuals}{A vector of actuals values in {0, 1}, or {FALSE, TRUE}} | ^ checkRd: (-1) sparsify.Rd:36: Lost braces; missing escapes or markup? 36 | Column names are feature_level, e.g. {"color_red", "color_blue"} | ^ Flavors: r-devel-linux-x86_64-debian-clang, r-devel-linux-x86_64-debian-gcc, r-devel-linux-x86_64-fedora-clang, r-devel-linux-x86_64-fedora-gcc, r-devel-windows-x86_64, r-patched-linux-x86_64, r-release-linux-x86_64, r-release-macos-arm64, r-release-windows-x86_64