Last updated on 2024-03-12 07:49:59 CET.
Flavor | Version | Tinstall | Tcheck | Ttotal | Status | Flags |
---|---|---|---|---|---|---|
r-devel-linux-x86_64-debian-clang | 0.1.1 | 355.34 | 82.70 | 438.04 | WARN | |
r-devel-linux-x86_64-debian-gcc | 0.1.1 | 285.07 | 60.62 | 345.69 | OK | |
r-devel-linux-x86_64-fedora-clang | 0.1.1 | 696.80 | OK | |||
r-devel-linux-x86_64-fedora-gcc | 0.1.1 | 685.24 | OK | |||
r-devel-windows-x86_64 | 0.1.1 | 263.00 | 115.00 | 378.00 | OK | |
r-patched-linux-x86_64 | 0.1.1 | 263.06 | 77.12 | 340.18 | OK | |
r-release-linux-x86_64 | 0.1.1 | 255.51 | 80.65 | 336.16 | OK | |
r-release-macos-arm64 | 0.1.1 | 153.00 | NOTE | |||
r-release-macos-x86_64 | 0.1.1 | 249.00 | NOTE | |||
r-release-windows-x86_64 | 0.1.1 | 345.00 | 122.00 | 467.00 | OK | |
r-oldrel-macos-arm64 | 0.1.1 | 129.00 | NOTE | |||
r-oldrel-windows-x86_64 | 0.1.1 | 337.00 | 125.00 | 462.00 | OK |
Version: 0.1.1
Check: whether package can be installed
Result: WARN
Found the following significant warnings:
flang-new: warning: argument unused during compilation: '-Wall' [-Wunused-command-line-argument]
See ‘/home/hornik/tmp/R.check/r-devel-clang/Work/PKGS/mmcif.Rcheck/00install.out’ for details.
* used C compiler: ‘Debian clang version 18.1.0 (rc4-1)’
* used Fortran compiler: ‘Debian flang-new version 18.1.0 (rc4-1)’
* used C++ compiler: ‘Debian clang version 18.1.0 (rc4-1)’
Flavor: r-devel-linux-x86_64-debian-clang
Version: 0.1.1
Check: installed package size
Result: NOTE
installed size is 17.6Mb
sub-directories of 1Mb or more:
doc 1.3Mb
libs 15.9Mb
Flavors: r-release-macos-arm64, r-release-macos-x86_64, r-oldrel-macos-arm64