Last updated on 2024-03-12 07:49:59 CET.
Flavor | Version | Tinstall | Tcheck | Ttotal | Status | Flags |
---|---|---|---|---|---|---|
r-devel-linux-x86_64-debian-clang | 0.3.11 | 647.83 | 238.46 | 886.29 | OK | |
r-devel-linux-x86_64-debian-gcc | 0.3.11 | 603.19 | 211.62 | 814.81 | OK | |
r-devel-linux-x86_64-fedora-clang | 0.3.11 | 1124.61 | NOTE | |||
r-devel-linux-x86_64-fedora-gcc | 0.3.11 | 1500.34 | OK | |||
r-devel-windows-x86_64 | 0.3.11 | 496.00 | 284.00 | 780.00 | NOTE | |
r-patched-linux-x86_64 | 0.3.11 | 0.02 | 3.01 | 3.03 | ERROR | |
r-release-linux-x86_64 | 0.3.11 | 530.82 | 264.75 | 795.57 | OK | |
r-release-macos-arm64 | 0.3.11 | 316.00 | NOTE | |||
r-release-macos-x86_64 | 0.3.11 | 456.00 | NOTE | |||
r-release-windows-x86_64 | 0.3.11 | 638.00 | 355.00 | 993.00 | NOTE | |
r-oldrel-macos-arm64 | 0.3.11 | 320.00 | NOTE | |||
r-oldrel-windows-x86_64 | 0.3.11 | 594.00 | 284.00 | 878.00 | NOTE |
Version: 0.3.11
Check: installed package size
Result: NOTE
installed size is 7.5Mb
sub-directories of 1Mb or more:
libs 5.6Mb
Flavors: r-devel-linux-x86_64-fedora-clang, r-devel-windows-x86_64, r-release-macos-arm64, r-release-macos-x86_64, r-release-windows-x86_64, r-oldrel-macos-arm64, r-oldrel-windows-x86_64
Version: 0.3.11
Check: whether package can be installed
Result: ERROR
Installation failed.
Flavor: r-patched-linux-x86_64