Last updated on 2024-03-12 07:49:59 CET.
Flavor | Version | Tinstall | Tcheck | Ttotal | Status | Flags |
---|---|---|---|---|---|---|
r-devel-linux-x86_64-debian-clang | 0.1 | 37.84 | 27.35 | 65.19 | NOTE | |
r-devel-linux-x86_64-debian-gcc | 0.1 | 23.15 | 21.43 | 44.58 | NOTE | |
r-devel-linux-x86_64-fedora-clang | 0.1 | 86.60 | NOTE | |||
r-devel-linux-x86_64-fedora-gcc | 0.1 | 82.40 | NOTE | |||
r-devel-windows-x86_64 | 0.1 | 26.00 | 65.00 | 91.00 | NOTE | |
r-patched-linux-x86_64 | 0.1 | 31.56 | 26.82 | 58.38 | NOTE | |
r-release-linux-x86_64 | 0.1 | 33.85 | 27.14 | 60.99 | NOTE | |
r-release-macos-arm64 | 0.1 | 23.00 | NOTE | |||
r-release-macos-x86_64 | 0.1 | 38.00 | NOTE | |||
r-release-windows-x86_64 | 0.1 | 33.00 | 65.00 | 98.00 | NOTE | |
r-oldrel-macos-arm64 | 0.1 | 24.00 | NOTE | |||
r-oldrel-windows-x86_64 | 0.1 | 31.00 | 67.00 | 98.00 | NOTE |
Version: 0.1
Check: LazyData
Result: NOTE
'LazyData' is specified without a 'data' directory
Flavors: r-devel-linux-x86_64-debian-clang, r-devel-linux-x86_64-debian-gcc, r-devel-linux-x86_64-fedora-clang, r-devel-linux-x86_64-fedora-gcc, r-devel-windows-x86_64, r-patched-linux-x86_64, r-release-linux-x86_64, r-release-macos-arm64, r-release-macos-x86_64, r-release-windows-x86_64, r-oldrel-macos-arm64, r-oldrel-windows-x86_64