Last updated on 2024-08-31 08:48:17 CEST.
Flavor | Version | Tinstall | Tcheck | Ttotal | Status | Flags |
---|---|---|---|---|---|---|
r-devel-linux-x86_64-debian-clang | 1.3 | 4.15 | 48.46 | 52.61 | OK | |
r-devel-linux-x86_64-debian-gcc | 1.3 | 2.90 | 32.08 | 34.98 | OK | |
r-devel-linux-x86_64-fedora-clang | 1.3 | 87.82 | NOTE | |||
r-devel-linux-x86_64-fedora-gcc | 1.3 | 80.44 | OK | |||
r-devel-windows-x86_64 | 1.3 | 5.00 | 71.00 | 76.00 | OK | |
r-patched-linux-x86_64 | 1.3 | 4.79 | 45.90 | 50.69 | OK | |
r-release-linux-x86_64 | 1.3 | 3.84 | 44.96 | 48.80 | OK | |
r-release-macos-arm64 | 1.3 | 24.00 | OK | |||
r-release-macos-x86_64 | 1.3 | 56.00 | OK | |||
r-release-windows-x86_64 | 1.3 | 5.00 | 84.00 | 89.00 | OK | |
r-oldrel-macos-arm64 | 1.3 | 26.00 | OK | |||
r-oldrel-macos-x86_64 | 1.3 | 40.00 | OK | |||
r-oldrel-windows-x86_64 | 1.3 | 5.00 | 78.00 | 83.00 | OK |
Version: 1.3
Check: Rd cross-references
Result: NOTE
Undeclared package ‘energy’ in Rd xrefs
Flavor: r-devel-linux-x86_64-fedora-clang