Last updated on 2024-04-18 08:54:37 CEST.
Flavor | Version | Tinstall | Tcheck | Ttotal | Status | Flags |
---|---|---|---|---|---|---|
r-devel-linux-x86_64-debian-clang | 1.0.4 | 94.72 | 105.61 | 200.33 | NOTE | |
r-devel-linux-x86_64-debian-gcc | 1.0.4 | 71.69 | 78.28 | 149.97 | NOTE | |
r-devel-linux-x86_64-fedora-clang | 1.0.4 | 258.06 | NOTE | |||
r-devel-linux-x86_64-fedora-gcc | 1.0.4 | 272.99 | NOTE | |||
r-prerel-macos-arm64 | 1.0.4 | 68.00 | NOTE | |||
r-prerel-windows-x86_64 | 1.0.4 | 72.00 | 110.00 | 182.00 | NOTE | |
r-patched-linux-x86_64 | 1.0.4 | 92.30 | 99.41 | 191.71 | NOTE | |
r-release-linux-x86_64 | 1.0.4 | 85.60 | 102.64 | 188.24 | NOTE | |
r-release-macos-arm64 | 1.0.4 | 77.00 | NOTE | |||
r-release-macos-x86_64 | 1.0.4 | 123.00 | NOTE | |||
r-release-windows-x86_64 | 1.0.4 | 86.00 | 144.00 | 230.00 | NOTE | |
r-oldrel-macos-arm64 | 1.0.4 | 59.00 | NOTE | |||
r-oldrel-windows-x86_64 | 1.0.4 | 88.00 | 144.00 | 232.00 | OK |
Version: 1.0.4
Check: C++ specification
Result: NOTE
Specified C++11: please drop specification unless essential
Flavors: r-devel-linux-x86_64-debian-clang, r-devel-linux-x86_64-debian-gcc, r-devel-linux-x86_64-fedora-clang, r-devel-linux-x86_64-fedora-gcc, r-prerel-macos-arm64, r-prerel-windows-x86_64, r-patched-linux-x86_64, r-release-linux-x86_64, r-release-macos-arm64, r-release-macos-x86_64, r-release-windows-x86_64
Version: 1.0.4
Check: data for non-ASCII characters
Result: NOTE
Note: found 18 marked Latin-1 strings
Flavors: r-devel-linux-x86_64-fedora-clang, r-devel-linux-x86_64-fedora-gcc, r-oldrel-macos-arm64