Last updated on 2024-04-25 07:59:58 CEST.
Flavor | Version | Tinstall | Tcheck | Ttotal | Status | Flags |
---|---|---|---|---|---|---|
r-devel-linux-x86_64-debian-clang | 0.2.3 | 26.17 | 306.10 | 332.27 | OK | |
r-devel-linux-x86_64-debian-gcc | 0.2.3 | 22.59 | 228.41 | 251.00 | OK | |
r-devel-linux-x86_64-fedora-clang | 0.2.3 | 432.37 | NOTE | |||
r-devel-linux-x86_64-fedora-gcc | 0.2.3 | 441.46 | NOTE | |||
r-devel-windows-x86_64 | 0.2.3 | 23.00 | 211.00 | 234.00 | OK | |
r-patched-linux-x86_64 | 0.2.3 | 1.82 | 2.27 | 4.09 | ERROR | |
r-release-linux-x86_64 | 0.2.3 | 2.99 | 2.03 | 5.02 | ERROR | |
r-release-macos-arm64 | 0.2.3 | 137.00 | OK | |||
r-release-windows-x86_64 | 0.2.3 | 23.00 | 206.00 | 229.00 | OK | |
r-oldrel-macos-arm64 | 0.2.3 | 86.00 | OK | |||
r-oldrel-macos-x86_64 | 0.2.3 | 263.00 | OK | |||
r-oldrel-windows-x86_64 | 0.2.3 | 32.00 | 289.00 | 321.00 | OK |
Version: 0.2.3
Check: package dependencies
Result: NOTE
Imports includes 24 non-default packages.
Importing from so many packages makes the package vulnerable to any of
them becoming unavailable. Move as many as possible to Suggests and
use conditionally.
Flavor: r-devel-linux-x86_64-fedora-clang
Version: 0.2.3
Check: dependencies in R code
Result: NOTE
Namespaces in Imports field not imported from:
‘crayon’ ‘dials’ ‘glue’ ‘parsnip’
All declared Imports should be used.
Flavors: r-devel-linux-x86_64-fedora-clang, r-devel-linux-x86_64-fedora-gcc
Version: 0.2.3
Check: package dependencies
Result: ERROR
Package required but not available: ‘modeltime’
See section ‘The DESCRIPTION file’ in the ‘Writing R Extensions’
manual.
Flavors: r-patched-linux-x86_64, r-release-linux-x86_64