CRAN Package Check Results for Package mombf

Last updated on 2021-05-12 08:48:56 CEST.

Flavor Version Tinstall Tcheck Ttotal Status Flags
r-devel-linux-x86_64-debian-clang 3.0.1 181.43 269.30 450.73 OK
r-devel-linux-x86_64-debian-gcc 3.0.1 125.11 218.57 343.68 OK
r-devel-linux-x86_64-fedora-clang 3.0.1 597.13 NOTE
r-devel-linux-x86_64-fedora-gcc 3.0.1 598.16 OK
r-devel-windows-ix86+x86_64 3.0.1 309.00 511.00 820.00 OK
r-devel-windows-x86_64-gcc10-UCRT 3.0.1 OK
r-patched-linux-x86_64 3.0.1 151.32 290.71 442.03 OK
r-patched-solaris-x86 3.0.1 647.70 OK
r-release-linux-x86_64 3.0.1 147.13 287.35 434.48 OK
r-release-macos-x86_64 3.0.1 NOTE
r-release-windows-ix86+x86_64 3.0.1 317.00 416.00 733.00 OK
r-oldrel-macos-x86_64 3.0.1 NOTE
r-oldrel-windows-ix86+x86_64 3.0.1 371.00 488.00 859.00 OK

Check Details

Version: 3.0.1
Check: installed package size
Result: NOTE
     installed size is 6.4Mb
     sub-directories of 1Mb or more:
     libs 5.0Mb
Flavors: r-devel-linux-x86_64-fedora-clang, r-release-macos-x86_64, r-oldrel-macos-x86_64