Last updated on 2024-03-12 07:49:59 CET.
Flavor | Version | Tinstall | Tcheck | Ttotal | Status | Flags |
---|---|---|---|---|---|---|
r-devel-linux-x86_64-debian-clang | 0.5 | 15.66 | 218.19 | 233.85 | WARN | |
r-devel-linux-x86_64-debian-gcc | 0.5 | 13.07 | 162.83 | 175.90 | OK | |
r-devel-linux-x86_64-fedora-clang | 0.5 | 285.23 | OK | |||
r-devel-linux-x86_64-fedora-gcc | 0.5 | 293.96 | OK | |||
r-devel-windows-x86_64 | 0.5 | 17.00 | 226.00 | 243.00 | OK | |
r-patched-linux-x86_64 | 0.5 | 19.54 | 218.64 | 238.18 | OK | |
r-release-linux-x86_64 | 0.5 | 14.21 | 210.63 | 224.84 | OK | |
r-release-macos-arm64 | 0.5 | 96.00 | OK | |||
r-release-macos-x86_64 | 0.5 | 244.00 | OK | |||
r-release-windows-x86_64 | 0.5 | 23.00 | 267.00 | 290.00 | OK | |
r-oldrel-macos-arm64 | 0.5 | 91.00 | OK | |||
r-oldrel-windows-x86_64 | 0.5 | 24.00 | 267.00 | 291.00 | OK |
Version: 0.5
Check: whether package can be installed
Result: WARN
Found the following significant warnings:
flang-new: warning: argument unused during compilation: '-Wall' [-Wunused-command-line-argument]
See ‘/home/hornik/tmp/R.check/r-devel-clang/Work/PKGS/momentfit.Rcheck/00install.out’ for details.
* used C compiler: ‘Debian clang version 18.1.0 (rc4-1)’
* used Fortran compiler: ‘Debian flang-new version 18.1.0 (rc4-1)’
Flavor: r-devel-linux-x86_64-debian-clang