Last updated on 2024-04-23 08:58:07 CEST.
Flavor | Version | Tinstall | Tcheck | Ttotal | Status | Flags |
---|---|---|---|---|---|---|
r-devel-linux-x86_64-debian-clang | 1.0.7 | 12.66 | 128.34 | 141.00 | NOTE | |
r-devel-linux-x86_64-debian-gcc | 1.0.7 | 10.10 | 93.83 | 103.93 | NOTE | |
r-devel-linux-x86_64-fedora-clang | 1.0.7 | 182.39 | NOTE | |||
r-devel-linux-x86_64-fedora-gcc | 1.0.7 | 190.66 | NOTE | |||
r-prerel-macos-arm64 | 1.0.7 | 58.00 | NOTE | |||
r-prerel-windows-x86_64 | 1.0.7 | 11.00 | 127.00 | 138.00 | NOTE | |
r-patched-linux-x86_64 | 1.0.7 | 12.09 | 121.02 | 133.11 | NOTE | |
r-release-linux-x86_64 | 1.0.7 | 11.36 | 120.00 | 131.36 | OK | |
r-release-macos-arm64 | 1.0.7 | 61.00 | OK | |||
r-release-macos-x86_64 | 1.0.7 | 102.00 | NOTE | |||
r-release-windows-x86_64 | 1.0.7 | 13.00 | 144.00 | 157.00 | OK | |
r-oldrel-macos-arm64 | 1.0.7 | 60.00 | OK | |||
r-oldrel-windows-x86_64 | 1.0.7 | 18.00 | 161.00 | 179.00 | OK |
Version: 1.0.7
Check: Rd files
Result: NOTE
checkRd: (-1) TemplateList-class.Rd:29: Lost braces in \itemize; meant \describe ?
checkRd: (-1) TemplateList-class.Rd:30: Lost braces in \itemize; meant \describe ?
checkRd: (-1) TemplateList-class.Rd:31: Lost braces in \itemize; meant \describe ?
checkRd: (-1) TemplateList-class.Rd:32: Lost braces in \itemize; meant \describe ?
checkRd: (-1) TemplateList-class.Rd:33: Lost braces in \itemize; meant \describe ?
checkRd: (-1) bindEvents.Rd:26: Lost braces in \itemize; meant \describe ?
checkRd: (-1) bindEvents.Rd:27: Lost braces in \itemize; meant \describe ?
checkRd: (-1) bindEvents.Rd:28: Lost braces in \itemize; meant \describe ?
Flavors: r-devel-linux-x86_64-debian-clang, r-devel-linux-x86_64-debian-gcc, r-devel-linux-x86_64-fedora-clang, r-devel-linux-x86_64-fedora-gcc, r-prerel-macos-arm64, r-prerel-windows-x86_64, r-patched-linux-x86_64
Version: 1.0.7
Check: Rd cross-references
Result: NOTE
Undeclared package ‘seewave’ in Rd xrefs
Flavor: r-devel-linux-x86_64-fedora-clang
Version: 1.0.7
Check: package dependencies
Result: NOTE
Packages suggested but not available for checking: 'fftw', 'RODBC'
Flavor: r-release-macos-x86_64
Version: 1.0.7
Check: Rd cross-references
Result: NOTE
Packages unavailable to check Rd xrefs: ‘seewave’, ‘RODBC’
Flavor: r-release-macos-x86_64