CRAN Package Check Results for Package mosaicCalc

Last updated on 2021-05-12 08:48:56 CEST.

Flavor Version Tinstall Tcheck Ttotal Status Flags
r-devel-linux-x86_64-debian-clang 0.5.1 12.51 117.06 129.57 NOTE
r-devel-linux-x86_64-debian-gcc 0.5.1 9.51 85.83 95.34 NOTE
r-devel-linux-x86_64-fedora-clang 0.5.1 162.56 NOTE
r-devel-linux-x86_64-fedora-gcc 0.5.1 154.25 NOTE
r-devel-windows-ix86+x86_64 0.5.1 33.00 137.00 170.00 NOTE
r-devel-windows-x86_64-gcc10-UCRT 0.5.1 NOTE
r-patched-linux-x86_64 0.5.1 12.42 110.09 122.51 NOTE
r-patched-solaris-x86 0.5.1 221.80 NOTE
r-release-linux-x86_64 0.5.1 11.54 106.39 117.93 OK
r-release-macos-x86_64 0.5.1 NOTE
r-release-windows-ix86+x86_64 0.5.1 23.00 96.00 119.00 OK
r-oldrel-macos-x86_64 0.5.1 NOTE
r-oldrel-windows-ix86+x86_64 0.5.1 26.00 129.00 155.00 OK

Check Details

Version: 0.5.1
Check: LazyData
Result: NOTE
     'LazyData' is specified without a 'data' directory
Flavors: r-devel-linux-x86_64-debian-clang, r-devel-linux-x86_64-debian-gcc, r-devel-linux-x86_64-fedora-clang, r-devel-linux-x86_64-fedora-gcc, r-devel-windows-ix86+x86_64, r-devel-windows-x86_64-gcc10-UCRT, r-patched-linux-x86_64, r-patched-solaris-x86

Version: 0.5.1
Check: dependencies in R code
Result: NOTE
    Namespaces in Imports field not imported from:
     ‘ggformula’ ‘magrittr’ ‘rlang’
     All declared Imports should be used.
Flavors: r-devel-linux-x86_64-fedora-clang, r-devel-linux-x86_64-fedora-gcc, r-devel-windows-x86_64-gcc10-UCRT, r-patched-solaris-x86, r-release-macos-x86_64, r-oldrel-macos-x86_64