CRAN Package Check Results for Package mosaicCore

Last updated on 2021-06-17 09:51:52 CEST.

Flavor Version Tinstall Tcheck Ttotal Status Flags
r-devel-linux-x86_64-debian-clang 0.9.0 5.23 70.38 75.61 NOTE
r-devel-linux-x86_64-debian-gcc 0.9.0 5.41 51.51 56.92 NOTE
r-devel-linux-x86_64-fedora-clang 0.9.0 97.08 NOTE
r-devel-linux-x86_64-fedora-gcc 0.9.0 86.50 NOTE
r-devel-windows-x86_64 0.9.0 10.00 86.00 96.00 NOTE
r-devel-windows-x86_64-gcc10-UCRT 0.9.0 NOTE
r-patched-linux-x86_64 0.9.0 11.74 65.07 76.81 NOTE
r-patched-solaris-x86 0.9.0 119.90 NOTE
r-release-linux-x86_64 0.9.0 5.73 64.80 70.53 NOTE
r-release-macos-arm64 0.9.0 NOTE
r-release-macos-x86_64 0.9.0 NOTE
r-release-windows-ix86+x86_64 0.9.0 14.00 92.00 106.00 NOTE
r-oldrel-macos-x86_64 0.9.0 OK
r-oldrel-windows-ix86+x86_64 0.9.0 11.00 98.00 109.00 OK

Check Details

Version: 0.9.0
Check: LazyData
Result: NOTE
     'LazyData' is specified without a 'data' directory
Flavors: r-devel-linux-x86_64-debian-clang, r-devel-linux-x86_64-debian-gcc, r-devel-linux-x86_64-fedora-clang, r-devel-linux-x86_64-fedora-gcc, r-devel-windows-x86_64, r-devel-windows-x86_64-gcc10-UCRT, r-patched-linux-x86_64, r-patched-solaris-x86, r-release-linux-x86_64, r-release-macos-arm64, r-release-macos-x86_64, r-release-windows-ix86+x86_64