Last updated on 2024-04-24 07:57:45 CEST.
Flavor | Version | Tinstall | Tcheck | Ttotal | Status | Flags |
---|---|---|---|---|---|---|
r-devel-linux-x86_64-debian-clang | 1.0.0 | 7.83 | 112.17 | 120.00 | OK | |
r-devel-linux-x86_64-debian-gcc | 1.0.0 | 6.57 | 81.61 | 88.18 | OK | |
r-devel-linux-x86_64-fedora-clang | 1.0.0 | 144.95 | NOTE | |||
r-devel-linux-x86_64-fedora-gcc | 1.0.0 | 167.02 | OK | |||
r-prerel-macos-arm64 | 1.0.0 | 51.00 | OK | |||
r-prerel-windows-x86_64 | 1.0.0 | 7.00 | 127.00 | 134.00 | OK | |
r-patched-linux-x86_64 | 1.0.0 | 5.35 | 105.86 | 111.21 | OK | |
r-release-linux-x86_64 | 1.0.0 | 4.97 | 106.38 | 111.35 | OK | |
r-release-macos-arm64 | 1.0.0 | 55.00 | OK | |||
r-release-macos-x86_64 | 1.0.0 | 73.00 | NOTE | |||
r-release-windows-x86_64 | 1.0.0 | 10.00 | 134.00 | 144.00 | OK | |
r-oldrel-macos-arm64 | 1.0.0 | 40.00 | OK | |||
r-oldrel-windows-x86_64 | 1.0.0 | 10.00 | 136.00 | 146.00 | OK |
Version: 1.0.0
Check: Rd cross-references
Result: NOTE
Undeclared package ‘graphlayouts’ in Rd xrefs
Flavor: r-devel-linux-x86_64-fedora-clang
Version: 1.0.0
Check: package dependencies
Result: NOTE
Package suggested but not available for checking: ‘ergm’
Flavor: r-release-macos-x86_64