Last updated on 2024-04-23 08:58:07 CEST.
Flavor | Version | Tinstall | Tcheck | Ttotal | Status | Flags |
---|---|---|---|---|---|---|
r-devel-linux-x86_64-debian-clang | 4.2.4 | 67.00 | 589.84 | 656.84 | NOTE | |
r-devel-linux-x86_64-debian-gcc | 4.2.4 | 56.82 | 415.19 | 472.01 | NOTE | |
r-devel-linux-x86_64-fedora-clang | 4.2.4 | 800.50 | NOTE | |||
r-devel-linux-x86_64-fedora-gcc | 4.2.4 | 774.93 | NOTE | |||
r-prerel-macos-arm64 | 4.2.4 | 181.00 | NOTE | |||
r-prerel-windows-x86_64 | 4.2.4 | 58.00 | 423.00 | 481.00 | NOTE | |
r-patched-linux-x86_64 | 4.2.4 | 79.79 | 526.34 | 606.13 | NOTE | |
r-release-linux-x86_64 | 4.2.4 | 64.94 | 535.60 | 600.54 | OK | |
r-release-macos-arm64 | 4.2.4 | 168.00 | NOTE | |||
r-release-macos-x86_64 | 4.2.4 | 463.00 | NOTE | |||
r-release-windows-x86_64 | 4.2.4 | 75.00 | 587.00 | 662.00 | OK | |
r-oldrel-macos-arm64 | 4.2.4 | 165.00 | NOTE | |||
r-oldrel-windows-x86_64 | 4.2.4 | 79.00 | 548.00 | 627.00 | OK |
Version: 4.2.4
Check: Rd files
Result: NOTE
checkRd: (-1) brownian.motion.variance.dyn.Rd:39: Lost braces
39 | \link{brownian.bridge.dyn}, link{dynBGBvariance}
| ^
Flavors: r-devel-linux-x86_64-debian-clang, r-devel-linux-x86_64-debian-gcc, r-devel-linux-x86_64-fedora-clang, r-devel-linux-x86_64-fedora-gcc, r-prerel-macos-arm64, r-prerel-windows-x86_64, r-patched-linux-x86_64
Version: 4.2.4
Check: installed package size
Result: NOTE
installed size is 5.4Mb
sub-directories of 1Mb or more:
R 2.1Mb
Flavors: r-prerel-macos-arm64, r-release-macos-arm64, r-release-macos-x86_64, r-oldrel-macos-arm64
Version: 4.2.4
Check: package dependencies
Result: NOTE
Packages suggested but not available for checking: 'ctmm', 'amt'
Flavor: r-release-macos-x86_64
Version: 4.2.4
Check: Rd cross-references
Result: NOTE
Packages unavailable to check Rd xrefs: ‘ctmm’, ‘amt’
Flavor: r-release-macos-x86_64