Last updated on 2024-04-19 08:54:48 CEST.
Flavor | Version | Tinstall | Tcheck | Ttotal | Status | Flags |
---|---|---|---|---|---|---|
r-devel-linux-x86_64-debian-clang | 0.5.1 | 650.77 | 191.65 | 842.42 | NOTE | |
r-devel-linux-x86_64-debian-gcc | 0.5.1 | NOTE | ||||
r-devel-linux-x86_64-fedora-clang | 0.5.1 | 1062.84 | NOTE | |||
r-devel-linux-x86_64-fedora-gcc | 0.5.1 | 1440.63 | NOTE | |||
r-prerel-macos-arm64 | 0.5.1 | 261.00 | NOTE | |||
r-prerel-windows-x86_64 | 0.5.1 | 531.00 | 207.00 | 738.00 | NOTE | |
r-patched-linux-x86_64 | 0.5.1 | 0.02 | 2.65 | 2.67 | ERROR | |
r-release-linux-x86_64 | 0.5.1 | 561.45 | 233.19 | 794.64 | NOTE | |
r-release-macos-arm64 | 0.5.1 | 217.00 | NOTE | |||
r-release-macos-x86_64 | 0.5.1 | 435.00 | NOTE | |||
r-release-windows-x86_64 | 0.5.1 | 655.00 | 257.00 | 912.00 | NOTE | |
r-oldrel-macos-arm64 | 0.5.1 | 243.00 | NOTE | |||
r-oldrel-windows-x86_64 | 0.5.1 | 640.00 | 238.00 | 878.00 | NOTE |
Version: 0.5.1
Check: Rd files
Result: NOTE
checkRd: (-1) mvmr_egger_rjags.Rd:51-59: Lost braces
51 | if (requireNamespace("rjags", quietly = TRUE)) {
| ^
Flavors: r-devel-linux-x86_64-debian-clang, r-devel-linux-x86_64-debian-gcc, r-devel-linux-x86_64-fedora-clang, r-devel-linux-x86_64-fedora-gcc, r-prerel-macos-arm64, r-prerel-windows-x86_64
Version: 0.5.1
Check: for GNU extensions in Makefiles
Result: NOTE
GNU make is a SystemRequirements.
Flavors: r-devel-linux-x86_64-debian-clang, r-devel-linux-x86_64-debian-gcc, r-devel-linux-x86_64-fedora-clang, r-devel-linux-x86_64-fedora-gcc, r-prerel-macos-arm64, r-prerel-windows-x86_64, r-release-linux-x86_64, r-release-macos-arm64, r-release-macos-x86_64, r-release-windows-x86_64, r-oldrel-macos-arm64, r-oldrel-windows-x86_64
Version: 0.5.1
Check: installed package size
Result: NOTE
installed size is 5.9Mb
sub-directories of 1Mb or more:
libs 5.5Mb
Flavors: r-devel-linux-x86_64-fedora-clang, r-prerel-macos-arm64, r-release-macos-arm64, r-release-macos-x86_64, r-oldrel-macos-arm64, r-oldrel-windows-x86_64
Version: 0.5.1
Check: dependencies in R code
Result: NOTE
Namespace in Imports field not imported from: ‘rstantools’
All declared Imports should be used.
Flavors: r-devel-linux-x86_64-fedora-clang, r-devel-linux-x86_64-fedora-gcc, r-oldrel-macos-arm64
Version: 0.5.1
Check: whether package can be installed
Result: ERROR
Installation failed.
Flavor: r-patched-linux-x86_64