CRAN Package Check Results for Package msSPChelpR

Last updated on 2021-04-16 08:48:33 CEST.

Flavor Version Tinstall Tcheck Ttotal Status Flags
r-devel-linux-x86_64-debian-clang 0.8.6 13.18 130.92 144.10 OK
r-devel-linux-x86_64-debian-gcc 0.8.6 11.27 106.96 118.23 OK
r-devel-linux-x86_64-fedora-clang 0.8.6 165.71 OK
r-devel-linux-x86_64-fedora-gcc 0.8.6 160.19 OK
r-devel-windows-ix86+x86_64 0.8.6 24.00 4.00 28.00 ERROR
r-devel-windows-x86_64-gcc10-UCRT 0.8.6 OK
r-patched-linux-x86_64 0.8.6 14.26 118.14 132.40 OK
r-patched-solaris-x86 0.8.6 200.10 OK
r-release-linux-x86_64 0.8.6 10.51 118.01 128.52 OK
r-release-macos-x86_64 0.8.6 OK
r-release-windows-ix86+x86_64 0.8.6 25.00 132.00 157.00 OK
r-oldrel-macos-x86_64 0.8.6 OK
r-oldrel-windows-ix86+x86_64 0.8.6 16.00 133.00 149.00 OK

Check Details

Version: 0.8.6
Check: whether package can be installed
Result: ERROR
    Installation failed.
    See for details.
    *
Flavor: r-devel-windows-ix86+x86_64