CRAN Package Check Results for Package msSurv

Last updated on 2021-07-25 08:51:03 CEST.

Flavor Version Tinstall Tcheck Ttotal Status Flags
r-devel-linux-x86_64-debian-clang 1.2-2 8.83 163.14 171.97 NOTE
r-devel-linux-x86_64-debian-gcc 1.2-2 6.50 116.86 123.36 NOTE
r-devel-linux-x86_64-fedora-clang 1.2-2 205.74 NOTE
r-devel-linux-x86_64-fedora-gcc 1.2-2 198.97 NOTE
r-devel-windows-x86_64 1.2-2 12.00 146.00 158.00 NOTE
r-devel-windows-x86_64-gcc10-UCRT 1.2-2 NOTE
r-patched-linux-x86_64 1.2-2 8.10 151.61 159.71 NOTE
r-patched-solaris-x86 1.2-2 240.20 NOTE
r-release-linux-x86_64 1.2-2 8.49 149.85 158.34 NOTE
r-release-macos-arm64 1.2-2 NOTE
r-release-macos-x86_64 1.2-2 NOTE
r-release-windows-ix86+x86_64 1.2-2 20.00 149.00 169.00 NOTE
r-oldrel-macos-x86_64 1.2-2 NOTE
r-oldrel-windows-ix86+x86_64 1.2-2 18.00 148.00 166.00 NOTE

Check Details

Version: 1.2-2
Check: R code for possible problems
Result: NOTE
    BS.var: no visible binding for global variable 'var'
    BS.var: no visible global function definition for 'cov'
    Dist.CIs: no visible global function definition for 'qnorm'
    MSM.CIs: no visible global function definition for 'qnorm'
    plot,msSurv-missing: no visible global function definition for 'update'
    summary,msSurv: no visible global function definition for 'quantile'
    Undefined global functions or variables:
     cov qnorm quantile update var
    Consider adding
     importFrom("stats", "cov", "qnorm", "quantile", "update", "var")
    to your NAMESPACE file.
Flavors: r-devel-linux-x86_64-debian-clang, r-devel-linux-x86_64-debian-gcc, r-devel-linux-x86_64-fedora-clang, r-devel-linux-x86_64-fedora-gcc, r-devel-windows-x86_64, r-devel-windows-x86_64-gcc10-UCRT, r-patched-linux-x86_64, r-patched-solaris-x86, r-release-linux-x86_64, r-release-macos-arm64, r-release-macos-x86_64, r-release-windows-ix86+x86_64, r-oldrel-macos-x86_64, r-oldrel-windows-ix86+x86_64