Last updated on 2024-04-26 08:55:05 CEST.
Flavor | Version | Tinstall | Tcheck | Ttotal | Status | Flags |
---|---|---|---|---|---|---|
r-devel-linux-x86_64-debian-clang | 0.6.3 | 2.65 | 32.07 | 34.72 | OK | |
r-devel-linux-x86_64-debian-gcc | 0.6.3 | 2.08 | 24.63 | 26.71 | OK | |
r-devel-linux-x86_64-fedora-clang | 0.6.3 | 44.65 | NOTE | |||
r-devel-linux-x86_64-fedora-gcc | 0.6.3 | 42.37 | NOTE | |||
r-devel-windows-x86_64 | 0.6.3 | 3.00 | 53.00 | 56.00 | OK | |
r-patched-linux-x86_64 | 0.6.3 | 5.37 | 30.06 | 35.43 | OK | |
r-release-linux-x86_64 | 0.6.3 | 2.25 | 30.99 | 33.24 | OK | |
r-release-macos-arm64 | 0.6.3 | 19.00 | OK | |||
r-release-windows-x86_64 | 0.6.3 | 3.00 | 51.00 | 54.00 | OK | |
r-oldrel-macos-arm64 | 0.6.3 | 19.00 | OK | |||
r-oldrel-macos-x86_64 | 0.6.3 | 25.00 | OK | |||
r-oldrel-windows-x86_64 | 0.6.3 | 4.00 | 54.00 | 58.00 | OK |
Version: 0.6.3
Check: data for non-ASCII characters
Result: NOTE
Note: found 75 marked UTF-8 strings
Flavors: r-devel-linux-x86_64-fedora-clang, r-devel-linux-x86_64-fedora-gcc