Last updated on 2024-08-31 08:48:17 CEST.
Flavor | Version | Tinstall | Tcheck | Ttotal | Status | Flags |
---|---|---|---|---|---|---|
r-devel-linux-x86_64-debian-clang | 1.0 | 0.35 | 1.76 | 2.11 | ERROR | |
r-devel-linux-x86_64-debian-gcc | 1.0 | 0.29 | 1.37 | 1.66 | ERROR | |
r-devel-linux-x86_64-fedora-clang | 1.0 | 2.39 | ERROR | |||
r-devel-linux-x86_64-fedora-gcc | 1.0 | 2.42 | ERROR | |||
r-devel-windows-x86_64 | 1.0 | 6.00 | 56.00 | 62.00 | ERROR | |
r-patched-linux-x86_64 | 1.0 | 0.35 | 1.62 | 1.97 | ERROR | |
r-release-linux-x86_64 | 1.0 | 0.36 | 1.74 | 2.10 | ERROR | |
r-release-macos-arm64 | 1.0 | 33.00 | OK | |||
r-release-macos-x86_64 | 1.0 | 44.00 | OK | |||
r-release-windows-x86_64 | 1.0 | 9.00 | 60.00 | 69.00 | ERROR | |
r-oldrel-macos-arm64 | 1.0 | 84.00 | OK | |||
r-oldrel-macos-x86_64 | 1.0 | 45.00 | OK | |||
r-oldrel-windows-x86_64 | 1.0 | 9.00 | 62.00 | 71.00 | ERROR |
Version: 1.0
Check: package dependencies
Result: ERROR
Packages required but not available: 'do', 'set'
See section ‘The DESCRIPTION file’ in the ‘Writing R Extensions’
manual.
Flavors: r-devel-linux-x86_64-debian-clang, r-devel-linux-x86_64-debian-gcc, r-devel-linux-x86_64-fedora-clang, r-devel-linux-x86_64-fedora-gcc, r-patched-linux-x86_64, r-release-linux-x86_64
Version: 1.0
Check: examples
Result: ERROR
Running examples in 'msig-Ex.R' failed
The error most likely occurred in:
> ### Name: local_msig
> ### Title: Query gene set names from local data
> ### Aliases: local_msig
>
> ### ** Examples
>
> x <- local_msig('IMMUNE_RESPONSE')
Error: object '.__T__[:base' is not exported by 'namespace:data.table'
Execution halted
Flavors: r-devel-windows-x86_64, r-release-windows-x86_64, r-oldrel-windows-x86_64