Last updated on 2024-04-18 08:54:37 CEST.
Flavor | Version | Tinstall | Tcheck | Ttotal | Status | Flags |
---|---|---|---|---|---|---|
r-devel-linux-x86_64-debian-clang | 1.7.1 | 30.78 | 246.76 | 277.54 | NOTE | |
r-devel-linux-x86_64-debian-gcc | 1.7.1 | 21.68 | 202.01 | 223.69 | NOTE | |
r-devel-linux-x86_64-fedora-clang | 1.7.1 | 376.42 | NOTE | |||
r-devel-linux-x86_64-fedora-gcc | 1.7.1 | 370.41 | NOTE | |||
r-prerel-macos-arm64 | 1.7.1 | 105.00 | OK | |||
r-prerel-windows-x86_64 | 1.7.1 | 27.00 | 233.00 | 260.00 | NOTE | |
r-patched-linux-x86_64 | 1.7.1 | 28.90 | 261.43 | 290.33 | NOTE | |
r-release-linux-x86_64 | 1.7.1 | 21.07 | 267.27 | 288.34 | OK | |
r-release-macos-arm64 | 1.7.1 | 121.00 | OK | |||
r-release-macos-x86_64 | 1.7.1 | 320.00 | OK | |||
r-release-windows-x86_64 | 1.7.1 | 31.00 | 295.00 | 326.00 | OK | |
r-oldrel-macos-arm64 | 1.7.1 | 110.00 | NOTE | |||
r-oldrel-windows-x86_64 | 1.7.1 | 34.00 | 275.00 | 309.00 | NOTE |
Version: 1.7.1
Check: HTML version of manual
Result: NOTE
Found the following HTML validation problems:
tnorm.html:113:32 (tnorm.Rd:74): Warning: trimming empty <code>
Flavors: r-devel-linux-x86_64-debian-clang, r-devel-linux-x86_64-debian-gcc, r-devel-linux-x86_64-fedora-clang, r-devel-linux-x86_64-fedora-gcc, r-prerel-windows-x86_64, r-patched-linux-x86_64
Version: 1.7.1
Check: S3 generic/method consistency
Result: NOTE
Found the following apparent S3 methods exported but not registered:
plot.prevalence.msm plot.survfit.msm
See section ‘Registering S3 methods’ in the ‘Writing R Extensions’
manual.
Flavors: r-oldrel-macos-arm64, r-oldrel-windows-x86_64