Last updated on 2024-04-19 08:54:48 CEST.
Flavor | Version | Tinstall | Tcheck | Ttotal | Status | Flags |
---|---|---|---|---|---|---|
r-devel-linux-x86_64-debian-clang | 11.3.5.101 | 11.07 | 56.73 | 67.80 | OK | |
r-devel-linux-x86_64-debian-gcc | 11.3.5.101 | OK | ||||
r-devel-linux-x86_64-fedora-clang | 11.3.5.101 | 90.46 | NOTE | |||
r-devel-linux-x86_64-fedora-gcc | 11.3.5.101 | 102.46 | NOTE | |||
r-prerel-macos-arm64 | 11.3.5.101 | 34.00 | OK | |||
r-prerel-windows-x86_64 | 11.3.5.101 | 13.00 | 63.00 | 76.00 | OK | |
r-patched-linux-x86_64 | 11.3.5.101 | 10.49 | 55.13 | 65.62 | OK | |
r-release-linux-x86_64 | 11.3.5.101 | 11.93 | 53.81 | 65.74 | OK | |
r-release-macos-arm64 | 11.3.5.101 | 36.00 | OK | |||
r-release-macos-x86_64 | 11.3.5.101 | 46.00 | OK | |||
r-release-windows-x86_64 | 11.3.5.101 | 16.00 | 71.00 | 87.00 | OK | |
r-oldrel-macos-arm64 | 11.3.5.101 | 28.00 | NOTE | |||
r-oldrel-windows-x86_64 | 11.3.5.101 | 17.00 | 77.00 | 94.00 | OK |
Version: 11.3.5.101
Check: dependencies in R code
Result: NOTE
Namespaces in Imports field not imported from:
‘markdown’ ‘methods’ ‘vctrs’
All declared Imports should be used.
Flavors: r-devel-linux-x86_64-fedora-clang, r-devel-linux-x86_64-fedora-gcc, r-oldrel-macos-arm64