CRAN Package Check Results for Package mtscr

Last updated on 2024-04-16 08:58:04 CEST.

Flavor Version Tinstall Tcheck Ttotal Status Flags
r-devel-linux-x86_64-debian-clang 1.0.1 4.06 200.50 204.56 OK
r-devel-linux-x86_64-debian-gcc 1.0.1 3.71 144.26 147.97 OK
r-devel-linux-x86_64-fedora-clang 1.0.1 257.67 NOTE
r-devel-linux-x86_64-fedora-gcc 1.0.1 150.86 OK
r-prerel-macos-arm64 1.0.1 90.00 OK
r-prerel-windows-x86_64 1.0.1 5.00 158.00 163.00 OK
r-patched-linux-x86_64 1.0.1 3.30 192.79 196.09 OK
r-release-linux-x86_64 1.0.1 3.93 195.01 198.94 OK
r-release-macos-arm64 1.0.1 61.00 OK
r-release-macos-x86_64 1.0.1 139.00 OK
r-release-windows-x86_64 1.0.1 7.00 189.00 196.00 OK
r-oldrel-macos-arm64 1.0.1 85.00 OK
r-oldrel-windows-x86_64 1.0.1 7.00 195.00 202.00 OK

Check Details

Version: 1.0.1
Check: Rd cross-references
Result: NOTE Undeclared package ‘tidyr’ in Rd xrefs Flavor: r-devel-linux-x86_64-fedora-clang