Last updated on 2024-04-19 08:54:48 CEST.
Flavor | Version | Tinstall | Tcheck | Ttotal | Status | Flags |
---|---|---|---|---|---|---|
r-devel-linux-x86_64-debian-clang | 0.3.5 | 3.40 | 33.77 | 37.17 | NOTE | |
r-devel-linux-x86_64-debian-gcc | 0.3.5 | NOTE | ||||
r-devel-linux-x86_64-fedora-clang | 0.3.5 | 45.94 | NOTE | |||
r-devel-linux-x86_64-fedora-gcc | 0.3.5 | 43.50 | NOTE | |||
r-prerel-macos-arm64 | 0.3.5 | 18.00 | NOTE | |||
r-prerel-windows-x86_64 | 0.3.5 | 3.00 | 47.00 | 50.00 | NOTE | |
r-patched-linux-x86_64 | 0.3.5 | 3.40 | 32.00 | 35.40 | NOTE | |
r-release-linux-x86_64 | 0.3.5 | 3.34 | 33.08 | 36.42 | NOTE | |
r-release-macos-arm64 | 0.3.5 | 30.00 | NOTE | |||
r-release-macos-x86_64 | 0.3.5 | 24.00 | NOTE | |||
r-release-windows-x86_64 | 0.3.5 | 4.00 | 56.00 | 60.00 | NOTE | |
r-oldrel-macos-arm64 | 0.3.5 | 20.00 | OK | |||
r-oldrel-windows-x86_64 | 0.3.5 | 5.00 | 61.00 | 66.00 | OK |
Version: 0.3.5
Check: Rd files
Result: NOTE
checkRd: (-1) mkjnw.Rd:3: Escaped LaTeX specials: \&
checkRd: (-1) mkjnw.Rd:6: Escaped LaTeX specials: \&
Flavors: r-devel-linux-x86_64-debian-clang, r-devel-linux-x86_64-debian-gcc, r-devel-linux-x86_64-fedora-clang, r-devel-linux-x86_64-fedora-gcc, r-prerel-macos-arm64, r-prerel-windows-x86_64, r-patched-linux-x86_64, r-release-linux-x86_64, r-release-macos-arm64, r-release-macos-x86_64, r-release-windows-x86_64