Last updated on 2024-03-12 07:49:59 CET.
Flavor | Version | Tinstall | Tcheck | Ttotal | Status | Flags |
---|---|---|---|---|---|---|
r-devel-linux-x86_64-debian-clang | 1.2.6.4 | 8.37 | 66.06 | 74.43 | WARN | |
r-devel-linux-x86_64-debian-gcc | 1.2.6.4 | 7.20 | 52.17 | 59.37 | OK | |
r-devel-linux-x86_64-fedora-clang | 1.2.6.4 | 94.30 | OK | |||
r-devel-linux-x86_64-fedora-gcc | 1.2.6.4 | 94.69 | OK | |||
r-devel-windows-x86_64 | 1.2.6.4 | 11.00 | 68.00 | 79.00 | OK | |
r-patched-linux-x86_64 | 1.2.6.4 | 9.69 | 67.00 | 76.69 | OK | |
r-release-linux-x86_64 | 1.2.6.4 | 8.03 | 66.71 | 74.74 | OK | |
r-release-macos-arm64 | 1.2.6.4 | 34.00 | OK | |||
r-release-macos-x86_64 | 1.2.6.4 | 52.00 | OK | |||
r-release-windows-x86_64 | 1.2.6.4 | 12.00 | 76.00 | 88.00 | OK | |
r-oldrel-macos-arm64 | 1.2.6.4 | 46.00 | OK | |||
r-oldrel-windows-x86_64 | 1.2.6.4 | 12.00 | 80.00 | 92.00 | OK |
Version: 1.2.6.4
Check: whether package can be installed
Result: WARN
Found the following significant warnings:
flang-new: warning: argument unused during compilation: '-Wall' [-Wunused-command-line-argument]
See ‘/home/hornik/tmp/R.check/r-devel-clang/Work/PKGS/muhaz.Rcheck/00install.out’ for details.
* used C compiler: ‘Debian clang version 18.1.0 (rc4-1)’
* used Fortran compiler: ‘Debian flang-new version 18.1.0 (rc4-1)’
Flavor: r-devel-linux-x86_64-debian-clang