CRAN Package Check Results for Package multcomp

Last updated on 2021-09-21 08:49:56 CEST.

Flavor Version Tinstall Tcheck Ttotal Status Flags
r-devel-linux-x86_64-debian-clang 1.4-17 9.62 170.29 179.91 OK
r-devel-linux-x86_64-debian-gcc 1.4-17 6.85 126.85 133.70 OK
r-devel-linux-x86_64-fedora-clang 1.4-17 220.49 OK
r-devel-linux-x86_64-fedora-gcc 1.4-17 212.74 OK
r-devel-windows-x86_64 1.4-17 12.00 168.00 180.00 OK
r-devel-windows-x86_64-gcc10-UCRT 1.4-17 ERROR
r-patched-linux-x86_64 1.4-17 11.01 167.96 178.97 OK
r-patched-solaris-x86 1.4-17 335.30 OK
r-release-linux-x86_64 1.4-17 10.80 167.19 177.99 OK
r-release-macos-arm64 1.4-17 OK
r-release-macos-x86_64 1.4-17 OK
r-release-windows-ix86+x86_64 1.4-17 21.00 176.00 197.00 OK
r-oldrel-macos-x86_64 1.4-17 OK
r-oldrel-windows-ix86+x86_64 1.4-17 21.00 174.00 195.00 OK

Check Details

Version: 1.4-17
Check: whether package can be installed
Result: WARN
    Found the following significant warnings:
     WARNING: installation-time patches will not be applied, could not get the patches index
Flavor: r-devel-windows-x86_64-gcc10-UCRT

Version: 1.4-17
Check: PDF version of manual
Result: WARN
    LaTeX errors when creating PDF version.
    This typically indicates Rd problems.
Flavor: r-devel-windows-x86_64-gcc10-UCRT

Version: 1.4-17
Check: PDF version of manual without hyperrefs or index
Result: ERROR
    Re-running with no redirection of stdout/stderr.
Flavor: r-devel-windows-x86_64-gcc10-UCRT