Last updated on 2024-04-24 07:57:46 CEST.
Flavor | Version | Tinstall | Tcheck | Ttotal | Status | Flags |
---|---|---|---|---|---|---|
r-devel-linux-x86_64-debian-clang | 0.4.3 | 23.24 | 143.98 | 167.22 | OK | |
r-devel-linux-x86_64-debian-gcc | 0.4.3 | 17.39 | 165.22 | 182.61 | OK | |
r-devel-linux-x86_64-fedora-clang | 0.4.3 | 324.32 | OK | |||
r-devel-linux-x86_64-fedora-gcc | 0.4.3 | 326.09 | OK | |||
r-prerel-macos-arm64 | 0.4.3 | 149.00 | NOTE | |||
r-prerel-windows-x86_64 | 0.4.3 | 16.00 | 165.00 | 181.00 | OK | |
r-patched-linux-x86_64 | 0.4.3 | 13.24 | 208.64 | 221.88 | OK | |
r-release-linux-x86_64 | 0.4.3 | 12.66 | 208.24 | 220.90 | OK | |
r-release-macos-arm64 | 0.4.3 | 210.00 | NOTE | |||
r-release-macos-x86_64 | 0.4.3 | 378.00 | NOTE | |||
r-release-windows-x86_64 | 0.4.3 | 23.00 | 209.00 | 232.00 | OK | |
r-oldrel-macos-arm64 | 0.4.3 | 98.00 | OK | |||
r-oldrel-windows-x86_64 | 0.4.3 | 25.00 | 213.00 | 238.00 | OK |
Version: 0.4.3
Check: package dependencies
Result: NOTE
Package suggested but not available for checking: ‘leukemiasEset’
Flavor: r-prerel-macos-arm64
Version: 0.4.3
Check: package dependencies
Result: NOTE
Packages suggested but not available for checking:
'switchBox', 'leukemiasEset'
Flavors: r-release-macos-arm64, r-release-macos-x86_64