Last updated on 2024-04-19 08:54:48 CEST.
Flavor | Version | Tinstall | Tcheck | Ttotal | Status | Flags |
---|---|---|---|---|---|---|
r-devel-linux-x86_64-debian-clang | 1.2.2 | 12.72 | 155.04 | 167.76 | NOTE | |
r-devel-linux-x86_64-debian-gcc | 1.2.2 | NOTE | ||||
r-devel-linux-x86_64-fedora-clang | 1.2.2 | 208.62 | NOTE | |||
r-devel-linux-x86_64-fedora-gcc | 1.2.2 | 213.99 | NOTE | |||
r-prerel-macos-arm64 | 1.2.2 | 68.00 | NOTE | |||
r-prerel-windows-x86_64 | 1.2.2 | 13.00 | 121.00 | 134.00 | NOTE | |
r-patched-linux-x86_64 | 1.2.2 | 12.97 | 145.41 | 158.38 | NOTE | |
r-release-linux-x86_64 | 1.2.2 | 7.55 | 147.43 | 154.98 | NOTE | |
r-release-macos-arm64 | 1.2.2 | 67.00 | NOTE | |||
r-release-macos-x86_64 | 1.2.2 | 102.00 | NOTE | |||
r-release-windows-x86_64 | 1.2.2 | 14.00 | 152.00 | 166.00 | NOTE | |
r-oldrel-macos-arm64 | 1.2.2 | 65.00 | NOTE | |||
r-oldrel-windows-x86_64 | 1.2.2 | 16.00 | 156.00 | 172.00 | OK |
Version: 1.2.2
Check: Rd files
Result: NOTE
checkRd: (-1) bal.Rd:156: Escaped LaTeX specials: \&
Flavors: r-devel-linux-x86_64-debian-clang, r-devel-linux-x86_64-debian-gcc, r-devel-linux-x86_64-fedora-clang, r-devel-linux-x86_64-fedora-gcc, r-prerel-macos-arm64, r-prerel-windows-x86_64, r-patched-linux-x86_64, r-release-linux-x86_64, r-release-macos-arm64, r-release-macos-x86_64, r-release-windows-x86_64
Version: 1.2.2
Check: dependencies in R code
Result: NOTE
Namespace in Imports field not imported from: ‘Rdpack’
All declared Imports should be used.
Flavors: r-devel-linux-x86_64-fedora-clang, r-devel-linux-x86_64-fedora-gcc, r-oldrel-macos-arm64