Last updated on 2023-02-08 07:54:36 CET.
Flavor | Version | Tinstall | Tcheck | Ttotal | Status | Flags |
---|---|---|---|---|---|---|
r-devel-linux-x86_64-debian-clang | 1.2.2 | 10.86 | 146.46 | 157.32 | NOTE | |
r-devel-linux-x86_64-debian-gcc | 1.2.2 | 9.67 | 107.52 | 117.19 | NOTE | |
r-devel-linux-x86_64-fedora-clang | 1.2.2 | 202.66 | NOTE | |||
r-devel-linux-x86_64-fedora-gcc | 1.2.2 | 201.28 | NOTE | |||
r-devel-windows-x86_64 | 1.2.2 | 22.00 | 181.00 | 203.00 | NOTE | |
r-patched-linux-x86_64 | 1.2.2 | 12.90 | 134.62 | 147.52 | OK | |
r-release-linux-x86_64 | 1.2.2 | 11.26 | 136.41 | 147.67 | OK | |
r-release-macos-arm64 | 1.2.2 | 65.00 | NOTE | |||
r-release-macos-x86_64 | 1.2.2 | 118.00 | NOTE | |||
r-release-windows-x86_64 | 1.2.2 | 21.00 | 191.00 | 212.00 | OK | |
r-oldrel-macos-arm64 | 1.2.2 | 48.00 | NOTE | |||
r-oldrel-macos-x86_64 | 1.2.2 | 79.00 | NOTE | |||
r-oldrel-windows-ix86+x86_64 | 1.2.2 | 29.00 | 167.00 | 196.00 | OK |
Version: 1.2.2
Check: Rd files
Result: NOTE
checkRd: (-1) bal.Rd:156: Escaped LaTeX specials: \&
Flavors: r-devel-linux-x86_64-debian-clang, r-devel-linux-x86_64-debian-gcc, r-devel-linux-x86_64-fedora-clang, r-devel-linux-x86_64-fedora-gcc, r-devel-windows-x86_64
Version: 1.2.2
Check: dependencies in R code
Result: NOTE
Namespace in Imports field not imported from: ‘Rdpack’
All declared Imports should be used.
Flavors: r-devel-linux-x86_64-fedora-clang, r-devel-linux-x86_64-fedora-gcc, r-release-macos-arm64, r-release-macos-x86_64, r-oldrel-macos-arm64, r-oldrel-macos-x86_64