Last updated on 2024-05-04 08:51:24 CEST.
Flavor | Version | Tinstall | Tcheck | Ttotal | Status | Flags |
---|---|---|---|---|---|---|
r-devel-linux-x86_64-debian-clang | 2.0.3 | 316.31 | 107.80 | 424.11 | OK | |
r-devel-linux-x86_64-debian-gcc | 2.0.3 | 240.25 | 79.41 | 319.66 | OK | |
r-devel-linux-x86_64-fedora-clang | 2.0.3 | 637.74 | OK | |||
r-devel-linux-x86_64-fedora-gcc | 2.0.3 | 623.46 | OK | |||
r-devel-windows-x86_64 | 2.0.3 | 256.00 | 125.00 | 381.00 | OK | |
r-patched-linux-x86_64 | 2.0.3 | 226.17 | 102.29 | 328.46 | OK | |
r-release-linux-x86_64 | 2.0.3 | 226.11 | 101.60 | 327.71 | OK | |
r-release-macos-arm64 | 2.0.3 | 137.00 | NOTE | |||
r-release-windows-x86_64 | 2.0.3 | 242.00 | 130.00 | 372.00 | OK | |
r-oldrel-macos-arm64 | 2.0.3 | 124.00 | NOTE | |||
r-oldrel-macos-x86_64 | 2.0.3 | 181.00 | NOTE | |||
r-oldrel-windows-x86_64 | 2.0.3 | 295.00 | 152.00 | 447.00 | OK |
Version: 2.0.3
Check: installed package size
Result: NOTE
installed size is 13.2Mb
sub-directories of 1Mb or more:
libs 11.9Mb
Flavors: r-release-macos-arm64, r-oldrel-macos-arm64, r-oldrel-macos-x86_64