Last updated on 2024-08-31 08:48:17 CEST.
Flavor | Version | Tinstall | Tcheck | Ttotal | Status | Flags |
---|---|---|---|---|---|---|
r-devel-linux-x86_64-debian-clang | 1.0.3 | 3.07 | 45.86 | 48.93 | OK | |
r-devel-linux-x86_64-debian-gcc | 1.0.3 | 3.33 | 31.80 | 35.13 | OK | |
r-devel-linux-x86_64-fedora-clang | 1.0.3 | 81.03 | NOTE | |||
r-devel-linux-x86_64-fedora-gcc | 1.0.3 | 76.03 | OK | |||
r-devel-windows-x86_64 | 1.0.3 | 5.00 | 74.00 | 79.00 | OK | |
r-patched-linux-x86_64 | 1.0.3 | 4.71 | 42.71 | 47.42 | OK | |
r-release-linux-x86_64 | 1.0.3 | 3.68 | 43.13 | 46.81 | OK | |
r-release-macos-arm64 | 1.0.3 | 24.00 | OK | |||
r-release-macos-x86_64 | 1.0.3 | 38.00 | OK | |||
r-release-windows-x86_64 | 1.0.3 | 7.00 | 83.00 | 90.00 | OK | |
r-oldrel-macos-arm64 | 1.0.3 | 28.00 | OK | |||
r-oldrel-macos-x86_64 | 1.0.3 | 42.00 | OK | |||
r-oldrel-windows-x86_64 | 1.0.3 | 6.00 | 84.00 | 90.00 | OK |
Version: 1.0.3
Check: Rd cross-references
Result: NOTE
Undeclared package ‘dosresmeta’ in Rd xrefs
Flavor: r-devel-linux-x86_64-fedora-clang