Last updated on 2023-03-29 08:53:45 CEST.
Flavor | Version | Tinstall | Tcheck | Ttotal | Status | Flags |
---|---|---|---|---|---|---|
r-devel-linux-x86_64-debian-clang | 1.0.3 | 3.71 | 59.29 | 63.00 | OK | |
r-devel-linux-x86_64-debian-gcc | 1.0.3 | 3.77 | 43.88 | 47.65 | OK | |
r-devel-linux-x86_64-fedora-clang | 1.0.3 | 78.14 | NOTE | |||
r-devel-linux-x86_64-fedora-gcc | 1.0.3 | 75.56 | OK | |||
r-devel-windows-x86_64 | 1.0.3 | 36.00 | 0.00 | 36.00 | OK | |
r-patched-linux-x86_64 | 1.0.3 | 6.74 | 56.39 | 63.13 | OK | |
r-release-linux-x86_64 | 1.0.3 | 4.85 | 55.62 | 60.47 | OK | |
r-release-macos-arm64 | 1.0.3 | 24.00 | OK | |||
r-release-macos-x86_64 | 1.0.3 | 32.00 | OK | |||
r-release-windows-x86_64 | 1.0.3 | 27.00 | 95.00 | 122.00 | OK | |
r-oldrel-macos-arm64 | 1.0.3 | 31.00 | OK | |||
r-oldrel-macos-x86_64 | 1.0.3 | 45.00 | OK | |||
r-oldrel-windows-ix86+x86_64 | 1.0.3 | 9.00 | 79.00 | 88.00 | OK |
Version: 1.0.3
Check: Rd cross-references
Result: NOTE
Undeclared package ‘dosresmeta’ in Rd xrefs
Flavor: r-devel-linux-x86_64-fedora-clang