Last updated on 2024-04-18 08:54:37 CEST.
Flavor | Version | Tinstall | Tcheck | Ttotal | Status | Flags |
---|---|---|---|---|---|---|
r-devel-linux-x86_64-debian-clang | 2.1.1 | 3.93 | 51.46 | 55.39 | NOTE | |
r-devel-linux-x86_64-debian-gcc | 2.1.1 | 4.95 | 38.34 | 43.29 | NOTE | |
r-devel-linux-x86_64-fedora-clang | 2.1.1 | 72.34 | NOTE | |||
r-devel-linux-x86_64-fedora-gcc | 2.1.1 | 68.16 | NOTE | |||
r-prerel-macos-arm64 | 2.1.1 | 24.00 | NOTE | |||
r-prerel-windows-x86_64 | 2.1.1 | 7.00 | 64.00 | 71.00 | NOTE | |
r-patched-linux-x86_64 | 2.1.1 | 5.05 | 50.43 | 55.48 | NOTE | |
r-release-linux-x86_64 | 2.1.1 | 4.72 | 48.43 | 53.15 | NOTE | |
r-release-macos-arm64 | 2.1.1 | 27.00 | NOTE | |||
r-release-macos-x86_64 | 2.1.1 | 37.00 | NOTE | |||
r-release-windows-x86_64 | 2.1.1 | 7.00 | 70.00 | 77.00 | NOTE | |
r-oldrel-macos-arm64 | 2.1.1 | 24.00 | OK | |||
r-oldrel-windows-x86_64 | 2.1.1 | 7.00 | 72.00 | 79.00 | OK |
Version: 2.1.1
Check: Rd files
Result: NOTE
checkRd: (-1) pkb.Rd:14: Escaped LaTeX specials: \# \# \#
Flavors: r-devel-linux-x86_64-debian-clang, r-devel-linux-x86_64-debian-gcc, r-devel-linux-x86_64-fedora-clang, r-devel-linux-x86_64-fedora-gcc, r-prerel-macos-arm64, r-prerel-windows-x86_64, r-patched-linux-x86_64, r-release-linux-x86_64, r-release-macos-arm64, r-release-macos-x86_64, r-release-windows-x86_64