Last updated on 2024-03-12 07:49:59 CET.
Flavor | Version | Tinstall | Tcheck | Ttotal | Status | Flags |
---|---|---|---|---|---|---|
r-devel-linux-x86_64-debian-clang | 0.1.5 | 45.28 | 84.75 | 130.03 | WARN | |
r-devel-linux-x86_64-debian-gcc | 0.1.5 | 37.52 | 67.59 | 105.11 | OK | |
r-devel-linux-x86_64-fedora-clang | 0.1.5 | 180.46 | OK | |||
r-devel-linux-x86_64-fedora-gcc | 0.1.5 | 185.11 | OK | |||
r-devel-windows-x86_64 | 0.1.5 | 33.00 | 102.00 | 135.00 | OK | |
r-patched-linux-x86_64 | 0.1.5 | 43.25 | 85.28 | 128.53 | OK | |
r-release-linux-x86_64 | 0.1.5 | 47.01 | 84.42 | 131.43 | OK | |
r-release-macos-arm64 | 0.1.5 | 54.00 | OK | |||
r-release-macos-x86_64 | 0.1.5 | 116.00 | OK | |||
r-release-windows-x86_64 | 0.1.5 | 45.00 | 121.00 | 166.00 | OK | |
r-oldrel-macos-arm64 | 0.1.5 | 49.00 | OK | |||
r-oldrel-windows-x86_64 | 0.1.5 | 43.00 | 120.00 | 163.00 | OK |
Version: 0.1.5
Check: whether package can be installed
Result: WARN
Found the following significant warnings:
/usr/bin/../lib/gcc/x86_64-linux-gnu/14/../../../../include/c++/14/functional:558:2: warning: 'result_of<(lambda at /home/hornik/tmp/R.check/r-devel-clang/Work/build/Packages/RcppThread/include/RcppThread/ThreadPool.hpp:187:24) &()>' is deprecated: use 'std::invoke_result' instead [-Wdeprecated-declarations]
/usr/bin/../lib/gcc/x86_64-linux-gnu/14/../../../../include/c++/14/functional:558:2: warning: 'result_of<std::_Bind<(lambda at /home/hornik/tmp/R.check/r-devel-clang/Work/build/Packages/RcppThread/include/RcppThread/ThreadPool.hpp:187:24) ()> &()>' is deprecated: use 'std::invoke_result' instead [-Wdeprecated-declarations]
/usr/bin/../lib/gcc/x86_64-linux-gnu/14/../../../../include/c++/14/functional:558:2: warning: 'result_of<(lambda at /home/hornik/tmp/R.check/r-devel-clang/Work/build/Packages/RcppThread/include/RcppThread/ThreadPool.hpp:200:24) &()>' is deprecated: use 'std::invoke_result' instead [-Wdeprecated-declarations]
/usr/bin/../lib/gcc/x86_64-linux-gnu/14/../../../../include/c++/14/functional:558:2: warning: 'result_of<std::_Bind<(lambda at /home/hornik/tmp/R.check/r-devel-clang/Work/build/Packages/RcppThread/include/RcppThread/ThreadPool.hpp:200:24) ()> &()>' is deprecated: use 'std::invoke_result' instead [-Wdeprecated-declarations]
See ‘/home/hornik/tmp/R.check/r-devel-clang/Work/PKGS/mvrsquared.Rcheck/00install.out’ for details.
* used C++ compiler: ‘Debian clang version 18.1.0 (rc4-1)’
Flavor: r-devel-linux-x86_64-debian-clang