Last updated on 2024-04-26 08:55:05 CEST.
Flavor | Version | Tinstall | Tcheck | Ttotal | Status | Flags |
---|---|---|---|---|---|---|
r-devel-linux-x86_64-debian-clang | 2.0.2 | 5.50 | 103.90 | 109.40 | OK | |
r-devel-linux-x86_64-debian-gcc | 2.0.2 | 4.65 | 161.73 | 166.38 | OK | |
r-devel-linux-x86_64-fedora-clang | 2.0.2 | 188.99 | NOTE | |||
r-devel-linux-x86_64-fedora-gcc | 2.0.2 | 158.54 | NOTE | |||
r-devel-windows-x86_64 | 2.0.2 | 5.00 | 110.00 | 115.00 | OK | |
r-patched-linux-x86_64 | 2.0.2 | 7.20 | 191.78 | 198.98 | OK | |
r-release-linux-x86_64 | 2.0.2 | 5.14 | 194.31 | 199.45 | OK | |
r-release-macos-arm64 | 2.0.2 | 40.00 | OK | |||
r-release-windows-x86_64 | 2.0.2 | 5.00 | 109.00 | 114.00 | OK | |
r-oldrel-macos-arm64 | 2.0.2 | 43.00 | OK | |||
r-oldrel-macos-x86_64 | 2.0.2 | 75.00 | OK | |||
r-oldrel-windows-x86_64 | 2.0.2 | 7.00 | 126.00 | 133.00 | OK |
Version: 2.0.2
Check: data for non-ASCII characters
Result: NOTE
Note: found 50 marked UTF-8 strings
Flavors: r-devel-linux-x86_64-fedora-clang, r-devel-linux-x86_64-fedora-gcc