CRAN Package Check Results for Package nadiv

Last updated on 2021-09-26 08:50:19 CEST.

Flavor Version Tinstall Tcheck Ttotal Status Flags
r-devel-linux-x86_64-debian-clang 2.17.1 27.13 82.65 109.78 NOTE
r-devel-linux-x86_64-debian-gcc 2.17.1 16.65 62.29 78.94 NOTE
r-devel-linux-x86_64-fedora-clang 2.17.1 150.79 NOTE
r-devel-linux-x86_64-fedora-gcc 2.17.1 126.14 NOTE
r-devel-windows-x86_64 2.17.1 28.00 84.00 112.00 NOTE
r-devel-windows-x86_64-gcc10-UCRT 2.17.1 NOTE
r-patched-linux-x86_64 2.17.1 22.32 80.37 102.69 NOTE
r-patched-solaris-x86 2.17.1 174.50 NOTE
r-release-linux-x86_64 2.17.1 21.53 79.66 101.19 NOTE
r-release-macos-arm64 2.17.1 NOTE
r-release-macos-x86_64 2.17.1 NOTE
r-release-windows-ix86+x86_64 2.17.1 61.00 110.00 171.00 NOTE
r-oldrel-macos-x86_64 2.17.1 NOTE
r-oldrel-windows-ix86+x86_64 2.17.1 46.00 118.00 164.00 NOTE

Check Details

Version: 2.17.1
Check: package dependencies
Result: NOTE
    Package which this enhances but not available for checking: 'asreml'
Flavors: r-devel-linux-x86_64-debian-clang, r-devel-linux-x86_64-debian-gcc, r-devel-linux-x86_64-fedora-clang, r-devel-linux-x86_64-fedora-gcc, r-devel-windows-x86_64, r-devel-windows-x86_64-gcc10-UCRT, r-patched-linux-x86_64, r-patched-solaris-x86, r-release-linux-x86_64, r-release-macos-arm64, r-release-macos-x86_64, r-release-windows-ix86+x86_64, r-oldrel-macos-x86_64, r-oldrel-windows-ix86+x86_64