Last updated on 2023-03-20 07:51:01 CET.
Flavor | Version | Tinstall | Tcheck | Ttotal | Status | Flags |
---|---|---|---|---|---|---|
r-devel-linux-x86_64-debian-clang | 4.0.10 | OK | ||||
r-devel-linux-x86_64-debian-gcc | 4.0.10 | 1.56 | 25.10 | 26.66 | OK | |
r-devel-linux-x86_64-fedora-clang | 4.0.10 | 45.29 | OK | |||
r-devel-linux-x86_64-fedora-gcc | 4.0.10 | 53.60 | OK | |||
r-patched-linux-x86_64 | 4.0.10 | 2.13 | 32.15 | 34.28 | OK | |
r-release-linux-x86_64 | 4.0.10 | 2.58 | 31.80 | 34.38 | OK | |
r-release-macos-arm64 | 4.0.10 | 30.00 | OK | |||
r-release-macos-x86_64 | 4.0.10 | 37.00 | OK | |||
r-release-windows-x86_64 | 4.0.10 | 25.00 | 74.00 | 99.00 | OK | |
r-oldrel-macos-arm64 | 4.0.10 | 34.00 | OK | |||
r-oldrel-macos-x86_64 | 4.0.10 | 40.00 | OK | |||
r-oldrel-windows-ix86+x86_64 | 4.0.10 | 11.00 | 76.00 | 87.00 | NOTE |
Version: 4.0.10
Check: dependencies in R code
Result: NOTE
Initiating curl with CURL_SSL_BACKEND: openssl
Flavor: r-oldrel-windows-ix86+x86_64