CRAN Package Check Results for Package nbfar

Last updated on 2024-05-24 08:55:38 CEST.

Flavor Version Tinstall Tcheck Ttotal Status Flags
r-devel-linux-x86_64-debian-clang 0.1 63.19 85.32 148.51 NOTE
r-devel-linux-x86_64-debian-gcc 0.1 53.73 64.92 118.65 NOTE
r-devel-linux-x86_64-fedora-clang 0.1 196.75 NOTE
r-devel-linux-x86_64-fedora-gcc 0.1 234.71 NOTE
r-devel-windows-x86_64 0.1 55.00 106.00 161.00 NOTE
r-patched-linux-x86_64 0.1 64.81 81.60 146.41 NOTE
r-release-linux-x86_64 0.1 70.69 83.42 154.11 NOTE
r-release-macos-arm64 0.1 57.00 NOTE
r-release-windows-x86_64 0.1 57.00 109.00 166.00 NOTE
r-oldrel-macos-arm64 0.1 68.00 NOTE
r-oldrel-macos-x86_64 0.1 111.00 NOTE
r-oldrel-windows-x86_64 0.1 71.00 124.00 195.00 NOTE

Check Details

Version: 0.1
Check: C++ specification
Result: NOTE Specified C++11: please drop specification unless essential Flavors: r-devel-linux-x86_64-debian-clang, r-devel-linux-x86_64-debian-gcc, r-devel-linux-x86_64-fedora-clang, r-devel-linux-x86_64-fedora-gcc, r-devel-windows-x86_64, r-patched-linux-x86_64, r-release-linux-x86_64, r-release-macos-arm64, r-release-windows-x86_64, r-oldrel-macos-arm64, r-oldrel-macos-x86_64, r-oldrel-windows-x86_64

Version: 0.1
Check: dependencies in R code
Result: NOTE Namespaces in Imports field not imported from: ‘glmnet’ ‘rrpack’ All declared Imports should be used. Flavors: r-devel-linux-x86_64-fedora-clang, r-devel-linux-x86_64-fedora-gcc

Version: 0.1
Check: installed package size
Result: NOTE installed size is 6.8Mb sub-directories of 1Mb or more: libs 6.4Mb Flavors: r-release-macos-arm64, r-oldrel-macos-arm64, r-oldrel-macos-x86_64