Last updated on 2024-04-24 07:57:46 CEST.
Flavor | Version | Tinstall | Tcheck | Ttotal | Status | Flags |
---|---|---|---|---|---|---|
r-devel-linux-x86_64-debian-clang | 0.13.3 | 10.94 | 400.28 | 411.22 | NOTE | |
r-devel-linux-x86_64-debian-gcc | 0.13.3 | 6.83 | 311.28 | 318.11 | NOTE | |
r-devel-linux-x86_64-fedora-clang | 0.13.3 | 497.69 | NOTE | |||
r-devel-linux-x86_64-fedora-gcc | 0.13.3 | 513.63 | NOTE | |||
r-prerel-macos-arm64 | 0.13.3 | 172.00 | NOTE | |||
r-prerel-windows-x86_64 | 0.13.3 | 12.00 | 137.00 | 149.00 | NOTE | --no-vignettes |
r-patched-linux-x86_64 | 0.13.3 | 15.04 | 384.49 | 399.53 | NOTE | |
r-release-linux-x86_64 | 0.13.3 | 5.17 | 486.75 | 491.92 | OK | |
r-release-macos-arm64 | 0.13.3 | 404.00 | OK | |||
r-release-macos-x86_64 | 0.13.3 | 396.00 | OK | |||
r-release-windows-x86_64 | 0.13.3 | 13.00 | 179.00 | 192.00 | OK | --no-vignettes |
r-oldrel-macos-arm64 | 0.13.3 | 218.00 | OK | |||
r-oldrel-windows-x86_64 | 0.13.3 | 11.00 | 199.00 | 210.00 | OK | --no-vignettes |
Version: 0.13.3
Check: Rd files
Result: NOTE
checkRd: (-1) render.d3movie.Rd:104: Lost braces in \itemize; meant \describe ?
checkRd: (-1) render.d3movie.Rd:105: Lost braces in \itemize; meant \describe ?
checkRd: (-1) render.d3movie.Rd:106: Lost braces in \itemize; meant \describe ?
checkRd: (-1) render.d3movie.Rd:107: Lost braces in \itemize; meant \describe ?
checkRd: (-1) render.d3movie.Rd:108: Lost braces in \itemize; meant \describe ?
checkRd: (-1) render.d3movie.Rd:109: Lost braces in \itemize; meant \describe ?
checkRd: (-1) render.d3movie.Rd:110: Lost braces in \itemize; meant \describe ?
checkRd: (-1) render.d3movie.Rd:111: Lost braces in \itemize; meant \describe ?
checkRd: (-1) render.d3movie.Rd:112: Lost braces in \itemize; meant \describe ?
checkRd: (-1) render.d3movie.Rd:113: Lost braces in \itemize; meant \describe ?
checkRd: (-1) render.d3movie.Rd:114: Lost braces in \itemize; meant \describe ?
checkRd: (-1) render.d3movie.Rd:115: Lost braces in \itemize; meant \describe ?
checkRd: (-1) render.d3movie.Rd:116: Lost braces in \itemize; meant \describe ?
checkRd: (-1) render.d3movie.Rd:117: Lost braces in \itemize; meant \describe ?
checkRd: (-1) render.d3movie.Rd:118: Lost braces in \itemize; meant \describe ?
checkRd: (-1) render.d3movie.Rd:119: Lost braces in \itemize; meant \describe ?
checkRd: (-1) render.d3movie.Rd:126: Lost braces in \itemize; meant \describe ?
checkRd: (-1) render.d3movie.Rd:127: Lost braces in \itemize; meant \describe ?
checkRd: (-1) render.d3movie.Rd:136: Lost braces in \itemize; meant \describe ?
checkRd: (-1) render.d3movie.Rd:137: Lost braces in \itemize; meant \describe ?
checkRd: (-1) render.d3movie.Rd:138: Lost braces in \itemize; meant \describe ?
checkRd: (-1) render.d3movie.Rd:139: Lost braces in \itemize; meant \describe ?
checkRd: (-1) render.d3movie.Rd:141: Lost braces in \itemize; meant \describe ?
checkRd: (-1) render.d3movie.Rd:142: Lost braces in \itemize; meant \describe ?
checkRd: (-1) render.d3movie.Rd:143: Lost braces in \itemize; meant \describe ?
checkRd: (-1) render.d3movie.Rd:144: Lost braces in \itemize; meant \describe ?
Flavors: r-devel-linux-x86_64-debian-clang, r-devel-linux-x86_64-debian-gcc, r-devel-linux-x86_64-fedora-clang, r-devel-linux-x86_64-fedora-gcc, r-prerel-macos-arm64, r-patched-linux-x86_64
Version: 0.13.3
Flags: --no-vignettes
Check: Rd files
Result: NOTE
checkRd: (-1) render.d3movie.Rd:104: Lost braces in \itemize; meant \describe ?
checkRd: (-1) render.d3movie.Rd:105: Lost braces in \itemize; meant \describe ?
checkRd: (-1) render.d3movie.Rd:106: Lost braces in \itemize; meant \describe ?
checkRd: (-1) render.d3movie.Rd:107: Lost braces in \itemize; meant \describe ?
checkRd: (-1) render.d3movie.Rd:108: Lost braces in \itemize; meant \describe ?
checkRd: (-1) render.d3movie.Rd:109: Lost braces in \itemize; meant \describe ?
checkRd: (-1) render.d3movie.Rd:110: Lost braces in \itemize; meant \describe ?
checkRd: (-1) render.d3movie.Rd:111: Lost braces in \itemize; meant \describe ?
checkRd: (-1) render.d3movie.Rd:112: Lost braces in \itemize; meant \describe ?
checkRd: (-1) render.d3movie.Rd:113: Lost braces in \itemize; meant \describe ?
checkRd: (-1) render.d3movie.Rd:114: Lost braces in \itemize; meant \describe ?
checkRd: (-1) render.d3movie.Rd:115: Lost braces in \itemize; meant \describe ?
checkRd: (-1) render.d3movie.Rd:116: Lost braces in \itemize; meant \describe ?
checkRd: (-1) render.d3movie.Rd:117: Lost braces in \itemize; meant \describe ?
checkRd: (-1) render.d3movie.Rd:118: Lost braces in \itemize; meant \describe ?
checkRd: (-1) render.d3movie.Rd:119: Lost braces in \itemize; meant \describe ?
checkRd: (-1) render.d3movie.Rd:126: Lost braces in \itemize; meant \describe ?
checkRd: (-1) render.d3movie.Rd:127: Lost braces in \itemize; meant \describe ?
checkRd: (-1) render.d3movie.Rd:136: Lost braces in \itemize; meant \describe ?
checkRd: (-1) render.d3movie.Rd:137: Lost braces in \itemize; meant \describe ?
checkRd: (-1) render.d3movie.Rd:138: Lost braces in \itemize; meant \describe ?
checkRd: (-1) render.d3movie.Rd:139: Lost braces in \itemize; meant \describe ?
checkRd: (-1) render.d3movie.Rd:141: Lost braces in \itemize; meant \describe ?
checkRd: (-1) render.d3movie.Rd:142: Lost braces in \itemize; meant \describe ?
checkRd: (-1) render.d3movie.Rd:143: Lost braces in \itemize; meant \describe ?
checkRd: (-1) render.d3movie.Rd:144: Lost braces in \itemize; meant \describe ?
Flavor: r-prerel-windows-x86_64