Last updated on 2024-03-12 07:50:00 CET.
Flavor | Version | Tinstall | Tcheck | Ttotal | Status | Flags |
---|---|---|---|---|---|---|
r-devel-linux-x86_64-debian-clang | 2.0.48 | 15.62 | 129.13 | 144.75 | OK | |
r-devel-linux-x86_64-debian-gcc | 2.0.48 | 12.59 | 101.21 | 113.80 | OK | |
r-devel-linux-x86_64-fedora-clang | 2.0.48 | 184.75 | NOTE | |||
r-devel-linux-x86_64-fedora-gcc | 2.0.48 | 186.61 | NOTE | |||
r-devel-windows-x86_64 | 2.0.48 | 14.00 | 125.00 | 139.00 | OK | |
r-patched-linux-x86_64 | 2.0.48 | 19.95 | 130.87 | 150.82 | OK | |
r-release-linux-x86_64 | 2.0.48 | 10.83 | 128.14 | 138.97 | OK | |
r-release-macos-arm64 | 2.0.48 | 67.00 | OK | |||
r-release-macos-x86_64 | 2.0.48 | 98.00 | OK | |||
r-release-windows-x86_64 | 2.0.48 | 19.00 | 144.00 | 163.00 | OK | |
r-oldrel-macos-arm64 | 2.0.48 | 44.00 | OK | |||
r-oldrel-windows-x86_64 | 2.0.48 | 18.00 | 149.00 | 167.00 | OK |
Version: 2.0.48
Check: data for non-ASCII characters
Result: NOTE
Note: found 21 marked UTF-8 strings
Flavors: r-devel-linux-x86_64-fedora-clang, r-devel-linux-x86_64-fedora-gcc