Last updated on 2024-03-12 07:50:00 CET.
Flavor | Version | Tinstall | Tcheck | Ttotal | Status | Flags |
---|---|---|---|---|---|---|
r-devel-linux-x86_64-debian-clang | 0.6.2 | 9.02 | 102.01 | 111.03 | NOTE | |
r-devel-linux-x86_64-debian-gcc | 0.6.2 | 8.70 | 79.16 | 87.86 | NOTE | |
r-devel-linux-x86_64-fedora-clang | 0.6.2 | 140.61 | NOTE | |||
r-devel-linux-x86_64-fedora-gcc | 0.6.2 | 148.37 | NOTE | |||
r-devel-windows-x86_64 | 0.6.2 | 10.00 | 104.00 | 114.00 | NOTE | |
r-patched-linux-x86_64 | 0.6.2 | 7.48 | 100.30 | 107.78 | OK | |
r-release-linux-x86_64 | 0.6.2 | 7.37 | 99.62 | 106.99 | OK | |
r-release-macos-arm64 | 0.6.2 | 67.00 | OK | |||
r-release-macos-x86_64 | 0.6.2 | 103.00 | OK | |||
r-release-windows-x86_64 | 0.6.2 | 13.00 | 114.00 | 127.00 | OK | |
r-oldrel-macos-arm64 | 0.6.2 | 56.00 | OK | |||
r-oldrel-windows-x86_64 | 0.6.2 | 14.00 | 110.00 | 124.00 | OK |
Version: 0.6.2
Check: Rd files
Result: NOTE
checkRd: (-1) PVmodule.Rd:27: Lost braces; missing escapes or markup?
27 | In the resulting netSEM model, time was used as a proxy for damp heat exposure stress (S) variable and $P_{max}$ (maximum power generated by the modules) was used as the performance level response ($R$) variable, several mechanistic variables ($M$) were obtained through chemical evaluation methods, including FTIR and TGA on EVA encapsulant.
| ^
checkRd: (-1) netSEMp1.Rd:55: Lost braces
55 | For example, in the quadratic functional form y ~ b0 + b1x + b2x^2, the three P-values correspond two those of \\hat{b0}, \\hat{b1} and \\hat{b2}, respectively.
| ^
checkRd: (-1) netSEMp1.Rd:55: Lost braces
55 | For example, in the quadratic functional form y ~ b0 + b1x + b2x^2, the three P-values correspond two those of \\hat{b0}, \\hat{b1} and \\hat{b2}, respectively.
| ^
checkRd: (-1) netSEMp1.Rd:55: Lost braces
55 | For example, in the quadratic functional form y ~ b0 + b1x + b2x^2, the three P-values correspond two those of \\hat{b0}, \\hat{b1} and \\hat{b2}, respectively.
| ^
Flavors: r-devel-linux-x86_64-debian-clang, r-devel-linux-x86_64-debian-gcc, r-devel-linux-x86_64-fedora-clang, r-devel-linux-x86_64-fedora-gcc, r-devel-windows-x86_64