Last updated on 2023-02-09 07:56:55 CET.
Flavor | Version | Tinstall | Tcheck | Ttotal | Status | Flags |
---|---|---|---|---|---|---|
r-devel-linux-x86_64-debian-clang | 0.1 | 40.70 | 76.16 | 116.86 | NOTE | |
r-devel-linux-x86_64-debian-gcc | 0.1 | 29.18 | 57.90 | 87.08 | NOTE | |
r-devel-linux-x86_64-fedora-clang | 0.1 | 155.08 | NOTE | |||
r-devel-linux-x86_64-fedora-gcc | 0.1 | 150.84 | NOTE | |||
r-devel-windows-x86_64 | 0.1 | 45.00 | 126.00 | 171.00 | NOTE | |
r-patched-linux-x86_64 | 0.1 | 34.69 | 71.93 | 106.62 | OK | |
r-release-linux-x86_64 | 0.1 | 30.37 | 73.82 | 104.19 | OK | |
r-release-macos-arm64 | 0.1 | 40.00 | OK | |||
r-release-macos-x86_64 | 0.1 | 55.00 | OK | |||
r-release-windows-x86_64 | 0.1 | 45.00 | 124.00 | 169.00 | OK | |
r-oldrel-macos-arm64 | 0.1 | 49.00 | OK | |||
r-oldrel-macos-x86_64 | 0.1 | 77.00 | OK | |||
r-oldrel-windows-ix86+x86_64 | 0.1 | 98.00 | 134.00 | 232.00 | OK |
Version: 0.1
Check: C++ specification
Result: NOTE
Specified C++11: please update to current default of C++17
Flavor: r-devel-linux-x86_64-debian-clang
Version: 0.1
Check: C++ specification
Result: NOTE
Specified C++11: please drop specification unless essential
Flavors: r-devel-linux-x86_64-debian-gcc, r-devel-linux-x86_64-fedora-clang, r-devel-linux-x86_64-fedora-gcc, r-devel-windows-x86_64