Last updated on 2024-08-31 08:48:17 CEST.
Flavor | Version | Tinstall | Tcheck | Ttotal | Status | Flags |
---|---|---|---|---|---|---|
r-devel-linux-x86_64-debian-clang | 4.0.5 | 57.21 | 225.75 | 282.96 | NOTE | |
r-devel-linux-x86_64-debian-gcc | 4.0.5 | 43.96 | 160.29 | 204.25 | NOTE | |
r-devel-linux-x86_64-fedora-clang | 4.0.5 | 455.44 | OK | |||
r-devel-linux-x86_64-fedora-gcc | 4.0.5 | 479.38 | OK | |||
r-devel-windows-x86_64 | 4.0.5 | 57.00 | 220.00 | 277.00 | NOTE | |
r-patched-linux-x86_64 | 4.0.5 | 62.90 | 212.37 | 275.27 | OK | |
r-release-linux-x86_64 | 4.0.5 | 58.23 | 215.22 | 273.45 | OK | |
r-release-macos-arm64 | 4.0.5 | 125.00 | NOTE | |||
r-release-macos-x86_64 | 4.0.5 | 192.00 | NOTE | |||
r-release-windows-x86_64 | 4.0.5 | 63.00 | 233.00 | 296.00 | OK | |
r-oldrel-macos-arm64 | 4.0.5 | 129.00 | NOTE | |||
r-oldrel-macos-x86_64 | 4.0.5 | 314.00 | NOTE | |||
r-oldrel-windows-x86_64 | 4.0.5 | 79.00 | 291.00 | 370.00 | OK |
Version: 4.0.5
Check: Rd cross-references
Result: NOTE
Found the following Rd file(s) with Rd \link{} targets missing package
anchors:
netEst.dir.Rd: glmnet
netEst.undir.Rd: glmnet
netgsa-package.Rd: glmnet
Please provide package anchors for all Rd \link{} targets not in the
package itself and the base packages.
Flavors: r-devel-linux-x86_64-debian-clang, r-devel-linux-x86_64-debian-gcc, r-devel-windows-x86_64
Version: 4.0.5
Check: installed package size
Result: NOTE
installed size is 21.2Mb
sub-directories of 1Mb or more:
doc 2.8Mb
libs 17.5Mb
Flavors: r-release-macos-arm64, r-release-macos-x86_64, r-oldrel-macos-arm64, r-oldrel-macos-x86_64