Last updated on 2024-04-19 08:54:48 CEST.
Flavor | Version | Tinstall | Tcheck | Ttotal | Status | Flags |
---|---|---|---|---|---|---|
r-devel-linux-x86_64-debian-clang | 0.1.4 | 14.98 | 117.41 | 132.39 | OK | |
r-devel-linux-x86_64-debian-gcc | 0.1.4 | OK | ||||
r-devel-linux-x86_64-fedora-clang | 0.1.4 | 165.87 | NOTE | |||
r-devel-linux-x86_64-fedora-gcc | 0.1.4 | 163.13 | OK | |||
r-prerel-macos-arm64 | 0.1.4 | 45.00 | OK | |||
r-prerel-macos-x86_64 | 0.1.4 | 106.00 | OK | |||
r-prerel-windows-x86_64 | 0.1.4 | 13.00 | 93.00 | 106.00 | OK | |
r-patched-linux-x86_64 | 0.1.4 | 9.33 | 109.63 | 118.96 | OK | |
r-release-linux-x86_64 | 0.1.4 | 11.06 | 115.25 | 126.31 | OK | |
r-release-macos-arm64 | 0.1.4 | 61.00 | OK | |||
r-release-macos-x86_64 | 0.1.4 | 116.00 | OK | |||
r-release-windows-x86_64 | 0.1.4 | 18.00 | 114.00 | 132.00 | OK | |
r-oldrel-macos-arm64 | 0.1.4 | 64.00 | OK | |||
r-oldrel-windows-x86_64 | 0.1.4 | 18.00 | 118.00 | 136.00 | OK |
Version: 0.1.4
Check: Rd cross-references
Result: NOTE
Undeclared package ‘mediation’ in Rd xrefs
Flavor: r-devel-linux-x86_64-fedora-clang