CRAN Package Check Results for Package network

Last updated on 2021-09-23 08:51:10 CEST.

Flavor Version Tinstall Tcheck Ttotal Status Flags
r-devel-linux-x86_64-debian-clang 1.17.1 16.15 103.83 119.98 OK
r-devel-linux-x86_64-debian-gcc 1.17.1 10.97 77.11 88.08 OK
r-devel-linux-x86_64-fedora-clang 1.17.1 141.84 OK
r-devel-linux-x86_64-fedora-gcc 1.17.1 142.47 OK
r-devel-windows-x86_64 1.17.1 19.00 97.00 116.00 OK
r-devel-windows-x86_64-gcc10-UCRT 1.17.1 ERROR
r-patched-linux-x86_64 1.17.1 16.02 97.50 113.52 OK
r-patched-solaris-x86 1.17.1 183.40 OK
r-release-linux-x86_64 1.17.1 14.94 97.16 112.10 OK
r-release-macos-arm64 1.17.1 OK
r-release-macos-x86_64 1.17.1 OK
r-release-windows-ix86+x86_64 1.17.1 30.00 131.00 161.00 OK
r-oldrel-macos-x86_64 1.17.1 OK
r-oldrel-windows-ix86+x86_64 1.17.1 25.00 129.00 154.00 OK

Additional issues

rchk

Check Details

Version: 1.17.1
Check: whether package can be installed
Result: ERROR
    Installation failed.
Flavor: r-devel-windows-x86_64-gcc10-UCRT