Last updated on 2024-03-12 07:50:00 CET.
Flavor | Version | Tinstall | Tcheck | Ttotal | Status | Flags |
---|---|---|---|---|---|---|
r-devel-linux-x86_64-debian-clang | 0.11.4 | 14.28 | 190.13 | 204.41 | ERROR | |
r-devel-linux-x86_64-debian-gcc | 0.11.4 | 12.43 | 150.09 | 162.52 | OK | |
r-devel-linux-x86_64-fedora-clang | 0.11.4 | 260.96 | OK | |||
r-devel-linux-x86_64-fedora-gcc | 0.11.4 | 265.08 | OK | |||
r-devel-windows-x86_64 | 0.11.4 | 18.00 | 181.00 | 199.00 | OK | |
r-patched-linux-x86_64 | 0.11.4 | 18.24 | 196.52 | 214.76 | OK | |
r-release-linux-x86_64 | 0.11.4 | 11.56 | 193.44 | 205.00 | OK | |
r-release-macos-arm64 | 0.11.4 | 92.00 | OK | |||
r-release-macos-x86_64 | 0.11.4 | 211.00 | OK | |||
r-release-windows-x86_64 | 0.11.4 | 21.00 | 206.00 | 227.00 | OK | |
r-oldrel-macos-arm64 | 0.11.4 | 87.00 | OK | |||
r-oldrel-windows-x86_64 | 0.11.4 | 20.00 | 212.00 | 232.00 | OK |
Version: 0.11.4
Check: re-building of vignette outputs
Result: ERROR
Error(s) in re-building vignettes:
...
--- re-building ‘networkDynamic.Rnw’ using Sweave
Loading required package: network
‘network’ 1.18.2 (2023-12-04), part of the Statnet Project
* ‘news(package="network")’ for changes since last version
* ‘citation("network")’ for citation information
* ‘https://statnet.org’ for help, support, and other information
‘networkDynamic’ 0.11.4 (2023-12-10?), part of the Statnet Project
* ‘news(package="networkDynamic")’ for changes since last version
* ‘citation("networkDynamic")’ for citation information
* ‘https://statnet.org’ for help, support, and other information
trying URL 'http://vlado.fmf.uni-lj.si/pub/networks/data/esna/Sampson.zip'
Warning in download.file("http://vlado.fmf.uni-lj.si/pub/networks/data/esna/Sampson.zip", :
URL 'http://vlado.fmf.uni-lj.si/pub/networks/data/esna/Sampson.zip': status was 'Couldn't connect to server'
Error: processing vignette 'networkDynamic.Rnw' failed with diagnostics:
chunk 47 (label = download_paj)
Error in download.file("http://vlado.fmf.uni-lj.si/pub/networks/data/esna/Sampson.zip", :
cannot open URL 'http://vlado.fmf.uni-lj.si/pub/networks/data/esna/Sampson.zip'
--- failed re-building ‘networkDynamic.Rnw’
SUMMARY: processing the following file failed:
‘networkDynamic.Rnw’
Error: Vignette re-building failed.
Execution halted
Flavor: r-devel-linux-x86_64-debian-clang