CRAN Package Check Results for Package networkDynamic

Last updated on 2021-09-20 08:50:30 CEST.

Flavor Version Tinstall Tcheck Ttotal Status Flags
r-devel-linux-x86_64-debian-clang 0.11.0 11.95 141.50 153.45 OK
r-devel-linux-x86_64-debian-gcc 0.11.0 10.07 101.48 111.55 OK
r-devel-linux-x86_64-fedora-clang 0.11.0 185.65 OK
r-devel-linux-x86_64-fedora-gcc 0.11.0 174.16 OK
r-devel-windows-x86_64 0.11.0 16.00 137.00 153.00 OK
r-devel-windows-x86_64-gcc10-UCRT 0.11.0 ERROR
r-patched-linux-x86_64 0.11.0 15.32 130.66 145.98 OK
r-patched-solaris-x86 0.11.0 231.50 OK
r-release-linux-x86_64 0.11.0 12.03 131.17 143.20 OK
r-release-macos-arm64 0.11.0 OK
r-release-macos-x86_64 0.11.0 OK
r-release-windows-ix86+x86_64 0.11.0 27.00 183.00 210.00 OK
r-oldrel-macos-x86_64 0.11.0 OK
r-oldrel-windows-ix86+x86_64 0.11.0 28.00 188.00 216.00 OK

Check Details

Version: 0.11.0
Check: whether package can be installed
Result: ERROR
    Installation failed.
Flavor: r-devel-windows-x86_64-gcc10-UCRT