Last updated on 2024-03-12 07:50:00 CET.
Flavor | Version | Tinstall | Tcheck | Ttotal | Status | Flags |
---|---|---|---|---|---|---|
r-devel-linux-x86_64-debian-clang | 2023.9.3 | 1.66 | 17.52 | 19.18 | OK | |
r-devel-linux-x86_64-debian-gcc | 2023.9.3 | 1.79 | 13.81 | 15.60 | OK | |
r-devel-linux-x86_64-fedora-clang | 2023.9.3 | 25.14 | NOTE | |||
r-devel-linux-x86_64-fedora-gcc | 2023.9.3 | 24.52 | OK | |||
r-devel-windows-x86_64 | 2023.9.3 | 3.00 | 32.00 | 35.00 | NOTE | |
r-patched-linux-x86_64 | 2023.9.3 | 1.48 | 17.87 | 19.35 | OK | |
r-release-linux-x86_64 | 2023.9.3 | 2.14 | 16.96 | 19.10 | OK | |
r-release-macos-arm64 | 2023.9.3 | 17.00 | NOTE | |||
r-release-macos-x86_64 | 2023.9.3 | 28.00 | NOTE | |||
r-release-windows-x86_64 | 2023.9.3 | 5.00 | 32.00 | 37.00 | NOTE | |
r-oldrel-macos-arm64 | 2023.9.3 | 19.00 | NOTE | |||
r-oldrel-windows-x86_64 | 2023.9.3 | 9.00 | 30.00 | 39.00 | NOTE |
Version: 2023.9.3
Check: installed package size
Result: NOTE
installed size is 7.9Mb
sub-directories of 1Mb or more:
data 7.8Mb
Flavors: r-devel-linux-x86_64-fedora-clang, r-devel-windows-x86_64, r-release-macos-arm64, r-release-macos-x86_64, r-release-windows-x86_64, r-oldrel-macos-arm64, r-oldrel-windows-x86_64