CRAN Package Check Results for Package nflseedR

Last updated on 2024-04-13 08:52:54 CEST.

Flavor Version Tinstall Tcheck Ttotal Status Flags
r-devel-linux-x86_64-debian-clang 1.2.0 9.46 102.84 112.30 NOTE
r-devel-linux-x86_64-debian-gcc 1.2.0 5.52 73.30 78.82 NOTE
r-devel-linux-x86_64-fedora-clang 1.2.0 132.40 NOTE
r-devel-linux-x86_64-fedora-gcc 1.2.0 128.18 NOTE
r-devel-windows-x86_64 1.2.0 8.00 86.00 94.00 NOTE
r-patched-linux-x86_64 1.2.0 7.61 94.68 102.29 NOTE
r-release-linux-x86_64 1.2.0 5.17 97.68 102.85 OK
r-release-macos-arm64 1.2.0 47.00 OK
r-release-macos-x86_64 1.2.0 69.00 OK
r-release-windows-x86_64 1.2.0 11.00 104.00 115.00 OK
r-oldrel-macos-arm64 1.2.0 48.00 OK
r-oldrel-windows-x86_64 1.2.0 12.00 106.00 118.00 OK

Check Details

Version: 1.2.0
Check: Rd files
Result: NOTE checkRd: (-1) load_schedules.Rd:27: Lost braces in \itemize; \value handles \item{}{} directly checkRd: (-1) load_schedules.Rd:28: Lost braces in \itemize; \value handles \item{}{} directly checkRd: (-1) load_schedules.Rd:29: Lost braces in \itemize; \value handles \item{}{} directly checkRd: (-1) load_schedules.Rd:30: Lost braces in \itemize; \value handles \item{}{} directly checkRd: (-1) load_schedules.Rd:31: Lost braces in \itemize; \value handles \item{}{} directly checkRd: (-1) load_schedules.Rd:60: Lost braces in \itemize; \value handles \item{}{} directly checkRd: (-1) load_schedules.Rd:61: Lost braces in \itemize; \value handles \item{}{} directly checkRd: (-1) load_schedules.Rd:62: Lost braces in \itemize; \value handles \item{}{} directly checkRd: (-1) load_schedules.Rd:63: Lost braces in \itemize; \value handles \item{}{} directly Flavors: r-devel-linux-x86_64-debian-clang, r-devel-linux-x86_64-debian-gcc, r-devel-linux-x86_64-fedora-clang, r-devel-linux-x86_64-fedora-gcc, r-devel-windows-x86_64, r-patched-linux-x86_64