Last updated on 2025-01-23 08:50:04 CET.
Flavor | Version | Tinstall | Tcheck | Ttotal | Status | Flags |
---|---|---|---|---|---|---|
r-devel-linux-x86_64-debian-clang | 3.0.3 | 291.93 | 428.76 | 720.69 | OK | |
r-devel-linux-x86_64-debian-gcc | 3.0.3 | 211.49 | 295.85 | 507.34 | OK | |
r-devel-linux-x86_64-fedora-clang | 3.0.3 | 1299.02 | OK | |||
r-devel-linux-x86_64-fedora-gcc | 3.0.3 | 1341.05 | OK | |||
r-devel-windows-x86_64 | 3.0.3 | 322.00 | 582.00 | 904.00 | OK | |
r-patched-linux-x86_64 | 3.0.3 | 298.79 | 406.99 | 705.78 | OK | |
r-release-linux-x86_64 | 3.0.3 | 304.37 | 406.63 | 711.00 | OK | |
r-release-macos-arm64 | 3.0.2 | 258.00 | NOTE | |||
r-release-macos-x86_64 | 3.0.3 | 589.00 | NOTE | |||
r-release-windows-x86_64 | 3.0.3 | 264.00 | 518.00 | 782.00 | OK | |
r-oldrel-macos-arm64 | 3.0.2 | 283.00 | NOTE | |||
r-oldrel-macos-x86_64 | 3.0.2 | 408.00 | NOTE | |||
r-oldrel-windows-x86_64 | 3.0.3 | 255.00 | 517.00 | 772.00 | OK |
Version: 3.0.2
Check: installed package size
Result: NOTE
installed size is 21.6Mb
sub-directories of 1Mb or more:
R 1.0Mb
libs 20.0Mb
Flavors: r-release-macos-arm64, r-oldrel-macos-arm64, r-oldrel-macos-x86_64
Version: 3.0.3
Check: installed package size
Result: NOTE
installed size is 20.5Mb
sub-directories of 1Mb or more:
R 1.0Mb
libs 18.9Mb
Flavor: r-release-macos-x86_64