Last updated on 2024-04-26 08:55:06 CEST.
Flavor | Version | Tinstall | Tcheck | Ttotal | Status | Flags |
---|---|---|---|---|---|---|
r-devel-linux-x86_64-debian-clang | 2.0.3 | 29.09 | 51.83 | 80.92 | NOTE | |
r-devel-linux-x86_64-debian-gcc | 2.0.3 | 23.83 | 38.51 | 62.34 | NOTE | |
r-devel-linux-x86_64-fedora-clang | 2.0.3 | 106.01 | NOTE | |||
r-devel-linux-x86_64-fedora-gcc | 2.0.3 | 125.69 | NOTE | |||
r-devel-windows-x86_64 | 2.0.3 | 24.00 | 99.00 | 123.00 | NOTE | |
r-patched-linux-x86_64 | 2.0.3 | 22.22 | 48.30 | 70.52 | NOTE | |
r-release-linux-x86_64 | 2.0.3 | 23.16 | 49.07 | 72.23 | NOTE | |
r-release-macos-arm64 | 2.0.3 | 50.00 | NOTE | |||
r-release-windows-x86_64 | 2.0.3 | 25.00 | 97.00 | 122.00 | NOTE | |
r-oldrel-macos-arm64 | 2.0.3 | 54.00 | NOTE | |||
r-oldrel-macos-x86_64 | 2.0.3 | 83.00 | NOTE | |||
r-oldrel-windows-x86_64 | 2.0.3 | 33.00 | 109.00 | 142.00 | NOTE |
Version: 2.0.3
Check: C++ specification
Result: NOTE
Specified C++11: please drop specification unless essential
Flavors: r-devel-linux-x86_64-debian-clang, r-devel-linux-x86_64-debian-gcc, r-devel-linux-x86_64-fedora-clang, r-devel-linux-x86_64-fedora-gcc, r-devel-windows-x86_64, r-patched-linux-x86_64, r-release-linux-x86_64, r-release-macos-arm64, r-release-windows-x86_64, r-oldrel-macos-arm64, r-oldrel-macos-x86_64, r-oldrel-windows-x86_64
Version: 2.0.3
Check: installed package size
Result: NOTE
installed size is 6.2Mb
sub-directories of 1Mb or more:
libs 5.8Mb
Flavors: r-release-macos-arm64, r-oldrel-macos-arm64, r-oldrel-macos-x86_64